{"id":52,"name":"swiadczenie-uslug-w-zakresie-przygotowania-i-dostarczania-obiadu-ii-danie-z-deserem-w-ramach-projektu-pn-terapeutyczny-oddzial-dzienny-ii-tod-do-osrodka-terapii-nerwic-dla-dzieci-i-mlodziezy-w-orzeszu-oraz-swiadczenie-uslug-w-zakresie-przygotowania-i-1","title":"\u015awiadczenie us\u0142ug w zakresie przygotowania i dostarczania obiadu (II danie z deserem) w ramach projektu pn.: \u201eTerapeutyczny Oddzia\u0142 Dzienny II (TOD)\u201d  do O\u015brodka Terapii Nerwic dla Dzieci i M\u0142odzie\u017cy w Orzeszu oraz \u015bwiadczenie us\u0142ug w zakresie przygotowania i dostarczania posi\u0142k\u00f3w (\u015bniadania, obiadu i kolacji) w ramach projektu pn.: \u201eTERAPIA DOMOWA (TD)\u201d  do miejsca zamieszkania danego pacjenta.","desc":"","header":"\u015awiadczenie us\u0142ug w zakresie przygotowania i dostarczania obiadu (II danie z deserem) w ramach projektu pn.: \u201eTerapeutyczny Oddzia\u0142 Dzienny II (TOD)\u201d  do O\u015brodka Terapii Nerwic dla Dzieci i M\u0142odzie\u017cy w Orzeszu oraz \u015bwiadczenie us\u0142ug w zakresie przygotowania i dostarczania posi\u0142k\u00f3w (\u015bniadania, obiadu i kolacji) w ramach projektu pn.: \u201eTERAPIA DOMOWA (TD)\u201d  do miejsca zamieszkania danego pacjenta.","lead":"","keywords":"","changes":"dodanie artyku\u0142u","menu":"","path":"\/zamowienia_publiczne\/zamowieniapowyzej170000zl\/swiadczenie-uslug-w-zakresie-przygotowania-i-dostarczania-obiadu-ii-danie-z-deserem-w-ramach-projektu-pn-terapeutyczny-oddzial-dzienny-ii-tod-do-osrodka-terapii-nerwic-dla-dzieci-i-mlodziezy-w-orzeszu-oraz-swiadczenie-uslug-w-zakresie-przygotowania-i-1.html","url":"\/zamowienia_publiczne\/zamowieniapowyzej170000zl\/swiadczenie-uslug-w-zakresie-przygotowania-i-dostarczania-obiadu-ii-danie-z-deserem-w-ramach-projektu-pn-terapeutyczny-oddzial-dzienny-ii-tod-do-osrodka-terapii-nerwic-dla-dzieci-i-mlodziezy-w-orzeszu-oraz-swiadczenie-uslug-w-zakresie-przygotowania-i-1.html","infoOwner":"O\u015brodek Terapii Nerwic dla Dzieci i M\u0142odzie\u017cy w Orzeszu","dateFirstPublicate":"2020-03-06 13:09:19","dateLastVersionPublicate":"2020-03-06 13:09:19","dateAvailableFrom":"2020-02-24 12:49:50","dateAvailableTo":"","type":"jednostki_Zam\u00f3wienia powy\u017cej 30 000 euro","pageParams":[{"id":"312","name":"jednostki_tytu\u0142 zam\u00f3wienia","description":"Tytu\u0142 zam\u00f3wienia","value":"\u015awiadczenie us\u0142ug w zakresie przygotowania i dostarczania obiadu (II danie z deserem) w ramach projektu pn.: \u201eTerapeutyczny Oddzia\u0142 Dzienny II (TOD)\u201d  \r\ndo O\u015brodka Terapii Nerwic dla Dzieci i M\u0142odzie\u017cy w Orzeszu oraz \u015bwiadczenie us\u0142ug w zakresie przygotowania i dostarczania posi\u0142k\u00f3w (\u015bniadania, obiadu i kolacji)\r\n w ramach projektu pn.: \u201eTERAPIA DOMOWA (TD)\u201d  do miejsca zamieszkania danego pacjenta."},{"id":"313","name":"jednostki_data og\u0142oszenia zam\u00f3wienia","description":"Data og\u0142oszenia","value":"2020-02-24"},{"id":"317","name":"jednostki_podstawa prawna zam\u00f3wienia","description":"Podstawa prawna","value":"Ustawy z dnia 29 stycznia 2004 r. Prawo Zam\u00f3wie\u0144 Publicznych"},{"id":"318","name":"jednostki_rodzaj zam\u00f3wienia","description":"Rodzaj zam\u00f3wienia","value":"58757"},{"id":"319","name":"jednostki_tryb zam\u00f3wienia","description":"Tryb zam\u00f3wienia","value":"58759"},{"id":"316","name":"jednostki_termin sk\u0142adania ofert (data i godzina)","description":"Termin sk\u0142adania ofert (data i godzina)","value":"2020-03-03 10:00"},{"id":"320","name":"jednostki_termin otwarcia ofert (data)","description":"Termin otwarcia ofert (data)","value":"2020-03-03"},{"id":"321","name":"jednostki_termin otwarcia ofert (data i godzina)","description":"Termin otwarcia ofert (data i godzina)","value":"2020-03-03 10:30"},{"id":"314","name":"jednostki_status zam\u00f3wienia","description":"Status zam\u00f3wienia","value":"58755"}],"components":[{"id":"93bb94fe-7312-11e9-90c1-000c290e6fc2","type":"SectionDescription","name":"","description":"Zajawka sekcji","content":[]},{"id":"93bbe8e3-7312-11e9-90c1-000c290e6fc2","type":"PageTitle","name":"Tytu\u0142 strony","description":"Tytu\u0142 strony","content":{"title":"\u015awiadczenie us\u0142ug w zakresie przygotowania i dostarczania obiadu (II danie z deserem) w ramach projektu pn.: \u201eTerapeutyczny Oddzia\u0142 Dzienny II (TOD)\u201d  do O\u015brodka Terapii Nerwic dla Dzieci i M\u0142odzie\u017cy w Orzeszu oraz \u015bwiadczenie us\u0142ug w zakresie przygotowania i dostarczania posi\u0142k\u00f3w (\u015bniadania, obiadu i kolacji) w ramach projektu pn.: \u201eTERAPIA DOMOWA (TD)\u201d  do miejsca zamieszkania danego pacjenta."}},{"id":"93bc435c-7312-11e9-90c1-000c290e6fc2","type":"PageDescription","name":"","description":"Zajawka strony","content":[]},{"id":"93bcef8e-7312-11e9-90c1-000c290e6fc2","type":"ContentWYSIWYG","name":"Tre\u015b\u0107","description":"Tre\u015b\u0107 strony","content":{"content":"\u003Cp\u003E\u003Cspan style=\u0022font-size: 12.0pt; line-height: 107%; font-family: \u0027Times New Roman\u0027,serif;\u0022\u003EOg\u0142oszenie o zam\u00f3wienie zosta\u0142o opublikowane w Biuletynie Zam\u00f3wie\u0144 Publicznych w dniu 24.02.2020r. pod numerem 515738-N-2020.\u003C\/span\u003E\u003C\/p\u003E","promotion":false}},{"id":"93bd42ce-7312-11e9-90c1-000c290e6fc2","type":"Gallery","name":"Galeria","description":"Galeria"},{"id":"93bd956b-7312-11e9-90c1-000c290e6fc2","type":"Attachment","name":"Za\u0142\u0105czniki","description":"Za\u0142\u0105czniki do strony","content":[{"src":"\/resource\/101\/Og%25C5%2582oszenie+nr+515738+z+dnia+24.02.2020r..doc","extension":"DOC","name":"65f8a19e3008d746e1fb6a687fef9ee2.doc","size":"97 KB"},{"src":"\/resource\/101\/ZP_01_2020+SIWZ_z_za%25C5%2582%25C4%2585cznikami.doc","extension":"DOC","name":"6e540860d1edf4f217e21c3cb1281c46.doc","size":"556 KB"},{"src":"\/resource\/101\/ZP_01_2020+Informacja_o_uniewa%25C5%25BCnieniu_post%25C4%2599powania.pdf","extension":"PDF","name":"b4a4de6346d050d258bee73a4382e497.pdf","size":"280.04 KB"}]},{"id":"d63e71ef-92cf-11f0-b976-00505697ccff","type":"PageThumbnail","name":"","description":"Miniaturka strony","content":[]}]}

Świadczenie usług w zakresie przygotowania i dostarczania obiadu (II danie z deserem) w ramach projektu pn.: „Terapeutyczny Oddział Dzienny II (TOD)”  do Ośrodka Terapii Nerwic dla Dzieci i Młodzieży w Orzeszu oraz świadczenie usług w zakresie przygotowania i dostarczania posiłków (śniadania, obiadu i kolacji) w ramach projektu pn.: „TERAPIA DOMOWA (TD)”  do miejsca zamieszkania danego pacjenta.

dodanie artykułu

Ośrodek Terapii Nerwic dla Dzieci i Młodzieży w Orzeszu

jednostki_Zamówienia powyżej 30 000 euro

jednostki_tytuł zamówienia

Tytuł zamówienia

Świadczenie usług w zakresie przygotowania i dostarczania obiadu (II danie z deserem) w ramach projektu pn.: „Terapeutyczny Oddział Dzienny II (TOD)”  
do Ośrodka Terapii Nerwic dla Dzieci i Młodzieży w Orzeszu oraz świadczenie usług w zakresie przygotowania i dostarczania posiłków (śniadania, obiadu i kolacji)
 w ramach projektu pn.: „TERAPIA DOMOWA (TD)”  do miejsca zamieszkania danego pacjenta.

jednostki_data ogłoszenia zamówienia

Data ogłoszenia

jednostki_podstawa prawna zamówienia

Ustawy z dnia 29 stycznia 2004 r. Prawo Zamówień Publicznych

jednostki_rodzaj zamówienia

Rodzaj zamówienia

jednostki_tryb zamówienia

Tryb zamówienia

jednostki_termin składania ofert (data i godzina)

Termin składania ofert (data i godzina)

jednostki_status zamówienia

Status zamówienia

Tytuł strony

Treść

Treść strony

<p><span style="font-size: 12.0pt; line-height: 107%; font-family: 'Times New Roman',serif;">Ogłoszenie o zamówienie zostało opublikowane w Biuletynie Zamówień Publicznych w dniu 24.02.2020r. pod numerem 515738-N-2020.</span></p>

Załączniki

Załączniki do strony
