{"id":74,"name":"zlecenie-zakupu-dostawy-i-montazu-wykladziny-obiektowej-pcv","title":"Zlecenie zakupu, dostawy i monta\u017cu wyk\u0142adziny obiektowej PCV","desc":"","header":"Zlecenie zakupu, dostawy i monta\u017cu wyk\u0142adziny obiektowej PCV","lead":"","keywords":"","changes":"aktualizacja artyku\u0142u","menu":"","path":"\/zamowienia_publiczne\/zamowieniado170000zl\/zlecenie-zakupu-dostawy-i-montazu-wykladziny-obiektowej-pcv.html","url":"\/zamowienia_publiczne\/zamowieniado170000zl\/zlecenie-zakupu-dostawy-i-montazu-wykladziny-obiektowej-pcv.html","infoOwner":"O\u015brodek Terapii Nerwic dla Dzieci i M\u0142odzie\u017cy w Orzeszu","dateFirstPublicate":"2021-10-27 09:59:59","dateLastVersionPublicate":"2021-11-09 10:28:12","dateAvailableFrom":"","dateAvailableTo":"","type":"jednostki_Zam\u00f3wienia do 30 000 euro","pageParams":[{"id":"312","name":"jednostki_tytu\u0142 zam\u00f3wienia","description":"Tytu\u0142 zam\u00f3wienia","value":"Zlecenie zakupu, dostawy i monta\u017cu wyk\u0142adziny obiektowej PCV"},{"id":"313","name":"jednostki_data og\u0142oszenia zam\u00f3wienia","description":"Data og\u0142oszenia","value":"2021-10-27"},{"id":"314","name":"jednostki_status zam\u00f3wienia","description":"Status zam\u00f3wienia","value":"58755"},{"id":"315","name":"jednostki_termin sk\u0142adania ofert (data)","description":"Termin sk\u0142adania ofert (data)","value":"2021-11-05"}],"components":[{"id":"93bb94fe-7312-11e9-90c1-000c290e6fc2","type":"SectionDescription","name":"","description":"Zajawka sekcji","content":[]},{"id":"93bbe8e3-7312-11e9-90c1-000c290e6fc2","type":"PageTitle","name":"Tytu\u0142 strony","description":"Tytu\u0142 strony","content":{"title":"Zlecenie zakupu, dostawy i monta\u017cu wyk\u0142adziny obiektowej PCV"}},{"id":"93bc435c-7312-11e9-90c1-000c290e6fc2","type":"PageDescription","name":"","description":"Zajawka strony","content":[]},{"id":"93bcef8e-7312-11e9-90c1-000c290e6fc2","type":"ContentWYSIWYG","name":"Tre\u015b\u0107","description":"Tre\u015b\u0107 strony","content":{"content":"\u003Cp\u003EOTN\/1778\/2021\u003C\/p\u003E\n\u003Cp\u003EO\u015brodek Terapii Nerwic dla Dzieci i M\u0142odzie\u017cy w Orzeszu zleci zakup, dostaw\u0119 i monta\u017c wyk\u0142adziny obiektowej PCV wraz z pracami towarzysz\u0105cymi:\u003C\/p\u003E\n\u003Col\u003E\n\u003Cli\u003EPrzygotowanie pod\u0142o\u017ca zgodnie ze sztuk\u0105 instalowania wyk\u0142adzin PCV.\u003C\/li\u003E\n\u003Cli\u003EWykonanie prac monta\u017cowych:\u003C\/li\u003E\n\u003C\/ol\u003E\n\u003Cp\u003E- monta\u017c wyk\u0142adziny obiektowej PCV pod\u0142ogowej w ilo\u015bci ok. 15 m\u003Csup\u003E2\u003C\/sup\u003E.\u003C\/p\u003E\n\u003Cp\u003E- monta\u017c wyk\u0142adziny obiektowej PCV \u015bciennej w ilo\u015bci ok. 20 m\u003Csup\u003E2\u003C\/sup\u003E.\u003C\/p\u003E\n\u003Cp\u003EZakup materia\u0142\u00f3w le\u017cy po stronie Wykonawcy po wcze\u015bniejszym ustaleniu kolorystyki z Zamawiaj\u0105cym.\u003C\/p\u003E\n\u003Cp\u003E\u003Cu\u003ETermin wykonania rob\u00f3t 30 listopad 2021r.\u003C\/u\u003E\u003C\/p\u003E\n\u003Cp\u003E\u003Cstrong\u003E\u00a0\u003C\/strong\u003E\u003C\/p\u003E\n\u003Cp\u003E\u003Cstrong\u003ETermin sk\u0142adania ofert: 5 listopad 2021r.\u003C\/strong\u003E\u003C\/p\u003E\n\u003Cp\u003EOfert\u0119 mo\u017cna przes\u0142a\u0107 e-mailem na adres kancelaria@otnorzesze.pl, poczt\u0105 lub z\u0142o\u017cy\u0107 osobi\u015bcie w kancelarii O\u015brodka.\u003C\/p\u003E\n\u003Cp\u003ESzczeg\u00f3\u0142owe informacje pod numerem telefonu 32 \u00a0221 56 70 wew. 103 lub e-mail: kancelaria@otnorzesze.pl.\u003C\/p\u003E\n\u003Cp\u003E\u00a0\u003C\/p\u003E","promotion":false}},{"id":"93bd42ce-7312-11e9-90c1-000c290e6fc2","type":"Gallery","name":"Galeria","description":"Galeria"},{"id":"93bd956b-7312-11e9-90c1-000c290e6fc2","type":"Attachment","name":"Za\u0142\u0105czniki","description":"Za\u0142\u0105czniki do strony","content":[{"src":"\/resource\/152\/OTN_1778_2021+Zlecenie+-+monta%25C5%25BC+wyk%25C5%2582adziny+PCV1.docx","extension":"DOCX","name":"c4555ad41b0e5d1c2adc054df655b296.docx","size":"129.35 KB"},{"src":"\/resource\/152\/OTN_1893_2021+Informacja+wyk%25C5%2582adzina+pcv.docx","extension":"DOCX","name":"bf44b7f60fdcb0ee88bac143879816c6.docx","size":"130 KB"}]},{"id":"d63e71ef-92cf-11f0-b976-00505697ccff","type":"PageThumbnail","name":"","description":"Miniaturka strony","content":[]}]}

Zlecenie zakupu, dostawy i montażu wykładziny obiektowej PCV

aktualizacja artykułu

Ośrodek Terapii Nerwic dla Dzieci i Młodzieży w Orzeszu

jednostki_Zamówienia do 30 000 euro

jednostki_tytuł zamówienia

Tytuł zamówienia

jednostki_data ogłoszenia zamówienia

Data ogłoszenia

jednostki_status zamówienia

Status zamówienia

jednostki_termin składania ofert (data)

Termin składania ofert (data)

Tytuł strony

Treść

Treść strony

<p>OTN/1778/2021</p>
<p>Ośrodek Terapii Nerwic dla Dzieci i Młodzieży w Orzeszu zleci zakup, dostawę i montaż wykładziny obiektowej PCV wraz z pracami towarzyszącymi:</p>
<ol>
<li>Przygotowanie podłoża zgodnie ze sztuką instalowania wykładzin PCV.</li>
<li>Wykonanie prac montażowych:</li>
</ol>
<p>- montaż wykładziny obiektowej PCV podłogowej w ilości ok. 15 m<sup>2</sup>.</p>
<p>- montaż wykładziny obiektowej PCV ściennej w ilości ok. 20 m<sup>2</sup>.</p>
<p>Zakup materiałów leży po stronie Wykonawcy po wcześniejszym ustaleniu kolorystyki z Zamawiającym.</p>
<p><u>Termin wykonania robót 30 listopad 2021r.</u></p>
<p><strong> </strong></p>
<p><strong>Termin składania ofert: 5 listopad 2021r.</strong></p>
<p>Ofertę można przesłać e-mailem na adres kancelaria@otnorzesze.pl, pocztą lub złożyć osobiście w kancelarii Ośrodka.</p>
<p>Szczegółowe informacje pod numerem telefonu 32  221 56 70 wew. 103 lub e-mail: kancelaria@otnorzesze.pl.</p>
<p> </p>

Załączniki

Załączniki do strony
