{"id":75,"name":"zlecenie-modernizacji-lazienki","title":"Zlecenie modernizacji \u0142azienki","desc":"","header":"Zlecenie modernizacji \u0142azienki","lead":"","keywords":"","changes":"aktualizacja artyku\u0142u","menu":"","path":"\/zamowienia_publiczne\/zamowieniado170000zl\/zlecenie-modernizacji-lazienki.html","url":"\/zamowienia_publiczne\/zamowieniado170000zl\/zlecenie-modernizacji-lazienki.html","infoOwner":"O\u015brodek Terapii Nerwic dla Dzieci i M\u0142odzie\u017cy w Orzeszu","dateFirstPublicate":"2021-10-27 14:15:50","dateLastVersionPublicate":"2021-11-09 10:32:52","dateAvailableFrom":"","dateAvailableTo":"","type":"jednostki_Zam\u00f3wienia do 30 000 euro","pageParams":[{"id":"312","name":"jednostki_tytu\u0142 zam\u00f3wienia","description":"Tytu\u0142 zam\u00f3wienia","value":"Zlecenie modernizacji \u0142azienki"},{"id":"313","name":"jednostki_data og\u0142oszenia zam\u00f3wienia","description":"Data og\u0142oszenia","value":"2021-10-27"},{"id":"314","name":"jednostki_status zam\u00f3wienia","description":"Status zam\u00f3wienia","value":"58755"},{"id":"315","name":"jednostki_termin sk\u0142adania ofert (data)","description":"Termin sk\u0142adania ofert (data)","value":"2021-11-05"}],"components":[{"id":"93bb94fe-7312-11e9-90c1-000c290e6fc2","type":"SectionDescription","name":"","description":"Zajawka sekcji","content":[]},{"id":"93bbe8e3-7312-11e9-90c1-000c290e6fc2","type":"PageTitle","name":"Tytu\u0142 strony","description":"Tytu\u0142 strony","content":{"title":"Zlecenie modernizacji \u0142azienki"}},{"id":"93bc435c-7312-11e9-90c1-000c290e6fc2","type":"PageDescription","name":"","description":"Zajawka strony","content":[]},{"id":"93bcef8e-7312-11e9-90c1-000c290e6fc2","type":"ContentWYSIWYG","name":"Tre\u015b\u0107","description":"Tre\u015b\u0107 strony","content":{"content":"\u003Cp\u003EOTN\/1787\/2021\u003C\/p\u003E\n\u003Cp\u003EO\u015brodek Terapii Nerwic dla Dzieci i M\u0142odzie\u017cy w Orzeszu zleci modernizacj\u0119 \u0142azienki obejmuj\u0105c\u0105:\u003C\/p\u003E\n\u003Col\u003E\n\u003Cli\u003ESkucie p\u0142ytek:\u003C\/li\u003E\n\u003C\/ol\u003E\n\u003Cp\u003E- p\u0142ytki pod\u0142ogowe 4,7 m\u003Csup\u003E2\u003C\/sup\u003E,\u003C\/p\u003E\n\u003Cp\u003E- p\u0142ytki \u015bcienne 7 m\u003Csup\u003E2\u003C\/sup\u003E.\u003C\/p\u003E\n\u003Col start=\u00222\u0022\u003E\n\u003Cli\u003EPrzygotowanie pod\u0142o\u017ca pod nowe p\u0142ytki.\u003C\/li\u003E\n\u003Cli\u003EU\u0142o\u017cenie nowych p\u0142ytek:\u003C\/li\u003E\n\u003C\/ol\u003E\n\u003Cp\u003E- p\u0142ytki pod\u0142ogowe 4,7 m\u003Csup\u003E2\u003C\/sup\u003E,\u003C\/p\u003E\n\u003Cp\u003E- p\u0142ytki \u015bcienne 7 m\u003Csup\u003E2\u003C\/sup\u003E.\u003C\/p\u003E\n\u003Col start=\u00224\u0022\u003E\n\u003Cli\u003EWyw\u00f3z i utylizacja gruzu.\u003C\/li\u003E\n\u003C\/ol\u003E\n\u003Cp\u003EZakup materia\u0142\u00f3w po stronie Wykonawcy lub Zamawiaj\u0105cego \u2013 do uzgodnienia.\u003C\/p\u003E\n\u003Cp\u003E\u003Cu\u003ETermin wykonania rob\u00f3t 30 listopad 2021r.\u003C\/u\u003E\u003C\/p\u003E\n\u003Cp\u003E\u003Cstrong\u003E\u00a0\u003C\/strong\u003E\u003C\/p\u003E\n\u003Cp\u003E\u003Cstrong\u003ETermin sk\u0142adania ofert: 5 listopad 2021r.\u003C\/strong\u003E\u003C\/p\u003E\n\u003Cp\u003EOfert\u0119 mo\u017cna przes\u0142a\u0107 e-mailem na adres kancelaria@otnorzesze.pl, poczt\u0105 lub z\u0142o\u017cy\u0107 osobi\u015bcie \u003Cbr \/\u003E w kancelarii O\u015brodka.\u003C\/p\u003E\n\u003Cp\u003ESzczeg\u00f3\u0142owe informacje pod numerem telefonu 32 \u00a0221 56 70 wew. 103 lub e-mail: kancelaria@otnorzesze.pl.\u003C\/p\u003E","promotion":false}},{"id":"93bd42ce-7312-11e9-90c1-000c290e6fc2","type":"Gallery","name":"Galeria","description":"Galeria"},{"id":"93bd956b-7312-11e9-90c1-000c290e6fc2","type":"Attachment","name":"Za\u0142\u0105czniki","description":"Za\u0142\u0105czniki do strony","content":[{"src":"\/resource\/153\/OTN_1787_2021+Zlecenie+-+p%25C5%2582ytki+%25C5%2582azienka.docx","extension":"DOCX","name":"f4217ae30983f2dcb89c0ca5c80a6472.docx","size":"131.12 KB"},{"src":"\/resource\/153\/OTN_1895_2021+Informacja+modernizacja+%25C5%2582azienki.docx","extension":"DOCX","name":"cb7bf293142f65c6eef95277112b3f22.docx","size":"129.89 KB"}]},{"id":"d63e71ef-92cf-11f0-b976-00505697ccff","type":"PageThumbnail","name":"","description":"Miniaturka strony","content":[]}]}

Zlecenie modernizacji łazienki

aktualizacja artykułu

Ośrodek Terapii Nerwic dla Dzieci i Młodzieży w Orzeszu

jednostki_Zamówienia do 30 000 euro

jednostki_tytuł zamówienia

Tytuł zamówienia

jednostki_data ogłoszenia zamówienia

Data ogłoszenia

jednostki_status zamówienia

Status zamówienia

jednostki_termin składania ofert (data)

Termin składania ofert (data)

Tytuł strony

Treść

Treść strony

<p>OTN/1787/2021</p>
<p>Ośrodek Terapii Nerwic dla Dzieci i Młodzieży w Orzeszu zleci modernizację łazienki obejmującą:</p>
<ol>
<li>Skucie płytek:</li>
</ol>
<p>- płytki podłogowe 4,7 m<sup>2</sup>,</p>
<p>- płytki ścienne 7 m<sup>2</sup>.</p>
<ol start="2">
<li>Przygotowanie podłoża pod nowe płytki.</li>
<li>Ułożenie nowych płytek:</li>
</ol>
<p>- płytki podłogowe 4,7 m<sup>2</sup>,</p>
<p>- płytki ścienne 7 m<sup>2</sup>.</p>
<ol start="4">
<li>Wywóz i utylizacja gruzu.</li>
</ol>
<p>Zakup materiałów po stronie Wykonawcy lub Zamawiającego – do uzgodnienia.</p>
<p><u>Termin wykonania robót 30 listopad 2021r.</u></p>
<p><strong> </strong></p>
<p><strong>Termin składania ofert: 5 listopad 2021r.</strong></p>
<p>Ofertę można przesłać e-mailem na adres kancelaria@otnorzesze.pl, pocztą lub złożyć osobiście <br /> w kancelarii Ośrodka.</p>
<p>Szczegółowe informacje pod numerem telefonu 32  221 56 70 wew. 103 lub e-mail: kancelaria@otnorzesze.pl.</p>

Załączniki

Załączniki do strony
