{"id":91,"name":"zapytanie-ofertowe-na-zakup-wyposazenia-niemedycznego-dla-pacjentow-psychiatrycznych","title":"Zapytanie ofertowe na zakup i dostaw\u0119 wyposa\u017cenia niemedycznego dla pacjent\u00f3w psychiatrycznych","desc":"","header":"Zapytanie ofertowe na zakup i dostaw\u0119 wyposa\u017cenia niemedycznego dla pacjent\u00f3w psychiatrycznych","lead":"","keywords":"","changes":"Aktualizacja artyku\u0142u. Dodanie informacji o wyborze oferty.","menu":"","path":"\/zamowienia_publiczne\/zamowieniado170000zl\/zapytanie-ofertowe-na-zakup-wyposazenia-niemedycznego-dla-pacjentow-psychiatrycznych.html","url":"\/zamowienia_publiczne\/zamowieniado170000zl\/zapytanie-ofertowe-na-zakup-wyposazenia-niemedycznego-dla-pacjentow-psychiatrycznych.html","infoOwner":"O\u015brodek Terapii Nerwic dla Dzieci i M\u0142odzie\u017cy w Orzeszu","dateFirstPublicate":"2023-07-25 11:27:48","dateLastVersionPublicate":"2023-08-07 13:27:26","dateAvailableFrom":"","dateAvailableTo":"","type":"jednostki_Zam\u00f3wienia do 30 000 euro","pageParams":[{"id":"312","name":"jednostki_tytu\u0142 zam\u00f3wienia","description":"Tytu\u0142 zam\u00f3wienia","value":"Zapytanie ofertowe na zakup wyposa\u017cenia niemedycznego dla pacjent\u00f3w psychiatrycznych"},{"id":"313","name":"jednostki_data og\u0142oszenia zam\u00f3wienia","description":"Data og\u0142oszenia","value":"2023-07-25"},{"id":"314","name":"jednostki_status zam\u00f3wienia","description":"Status zam\u00f3wienia","value":"58755"},{"id":"315","name":"jednostki_termin sk\u0142adania ofert (data)","description":"Termin sk\u0142adania ofert (data)","value":"2023-08-02"}],"components":[{"id":"93bb94fe-7312-11e9-90c1-000c290e6fc2","type":"SectionDescription","name":"","description":"Zajawka sekcji","content":[]},{"id":"93bbe8e3-7312-11e9-90c1-000c290e6fc2","type":"PageTitle","name":"Tytu\u0142 strony","description":"Tytu\u0142 strony","content":{"title":"Zapytanie ofertowe na zakup i dostaw\u0119 wyposa\u017cenia niemedycznego dla pacjent\u00f3w psychiatrycznych"}},{"id":"93bc435c-7312-11e9-90c1-000c290e6fc2","type":"PageDescription","name":"","description":"Zajawka strony","content":[]},{"id":"93bcef8e-7312-11e9-90c1-000c290e6fc2","type":"ContentWYSIWYG","name":"Tre\u015b\u0107","description":"Tre\u015b\u0107 strony","content":{"content":"\u003Cp\u003EO\u015brodek Terapii Nerwic dla Dzieci i M\u0142odzie\u017cy w Orzeszu zwraca si\u0119 z pro\u015bb\u0105 o przedstawienie oferty cenowej na zakup i dostaw\u0119 wyposa\u017cenia niemedycznego dla pacjent\u00f3w psychiatrycznych.\u003C\/p\u003E\n\u003Cp\u003EZe wzgl\u0119du na specyfik\u0119 O\u015brodka wyposa\u017cenie niemedyczne powinno by\u0107 solidne i wytrzyma\u0142e.\u003C\/p\u003E\n\u003Cp\u003EKolorystyka do ustalenia na etapie zamawiania.\u003C\/p\u003E\n\u003Cp\u003EProsimy o wycen\u0119 us\u0142ugi monta\u017cu mebli. Zamawiaj\u0105cy zastrzega, \u017ce wyznaczy termin monta\u017cu, natomiast nie p\u00f3\u017aniej ni\u017c do 30 listopada br.\u003C\/p\u003E\n\u003Cp\u003E\u003Cstrong\u003EZamawiaj\u0105cy dopuszcza sk\u0142adanie ofert wariantowych.\u003Cbr \/\u003E\u003C\/strong\u003E\u003C\/p\u003E\n\u003Cp\u003E\u003Cu\u003ETermin dostawy do 5 tygodni od momentu z\u0142o\u017cenia zam\u00f3wienia.\u003C\/u\u003E\u003C\/p\u003E\n\u003Cp\u003E\u003Cstrong\u003E\u00a0\u003C\/strong\u003E\u003C\/p\u003E\n\u003Cp\u003E\u003Cstrong\u003ETermin sk\u0142adania ofert: 2 sierpnia 2023r.\u003C\/strong\u003E\u003C\/p\u003E\n\u003Cp\u003EOfert\u0119 mo\u017cna przes\u0142a\u0107 e-mailem na adres kancelaria@otnorzesze.pl, poczt\u0105 lub z\u0142o\u017cy\u0107 osobi\u015bcie w kancelarii O\u015brodka.\u003C\/p\u003E\n\u003Cp\u003ESzczeg\u00f3\u0142owe informacje pod numerem telefonu 32 221 56 70 wew. 103 lub e-mail: kancelaria@otnorzesze.pl.\u003C\/p\u003E\n\u003Cp\u003E\u00a0\u003C\/p\u003E\n\u003Cp\u003E\u00a0\u003C\/p\u003E","promotion":false}},{"id":"93bd42ce-7312-11e9-90c1-000c290e6fc2","type":"Gallery","name":"Galeria","description":"Galeria"},{"id":"93bd956b-7312-11e9-90c1-000c290e6fc2","type":"Attachment","name":"Za\u0142\u0105czniki","description":"Za\u0142\u0105czniki do strony","content":[{"src":"\/resource\/169\/OTN_1339_23_Zapytanie+ofertowe+wyposa%25C5%25BCenie+niemedyczne+-+korekta.pdf","extension":"PDF","name":"30108c61b313b8f998f228b1a11b4b26.pdf","size":"590.2 KB"},{"src":"\/resource\/169\/OTN_1454_2023+Informacja+o+wyborze+oferty+-meble.pdf","extension":"PDF","name":"9298b90c70c90b3009917e80e7b0f9c6.pdf","size":"650.57 KB"}]},{"id":"d63e71ef-92cf-11f0-b976-00505697ccff","type":"PageThumbnail","name":"","description":"Miniaturka strony","content":[]}]}

Zapytanie ofertowe na zakup i dostawę wyposażenia niemedycznego dla pacjentów psychiatrycznych

Aktualizacja artykułu. Dodanie informacji o wyborze oferty.

Ośrodek Terapii Nerwic dla Dzieci i Młodzieży w Orzeszu

jednostki_Zamówienia do 30 000 euro

jednostki_tytuł zamówienia

Tytuł zamówienia

Zapytanie ofertowe na zakup wyposażenia niemedycznego dla pacjentów psychiatrycznych

jednostki_data ogłoszenia zamówienia

Data ogłoszenia

jednostki_status zamówienia

Status zamówienia

jednostki_termin składania ofert (data)

Termin składania ofert (data)

Tytuł strony

Treść

Treść strony

<p>Ośrodek Terapii Nerwic dla Dzieci i Młodzieży w Orzeszu zwraca się z prośbą o przedstawienie oferty cenowej na zakup i dostawę wyposażenia niemedycznego dla pacjentów psychiatrycznych.</p>
<p>Ze względu na specyfikę Ośrodka wyposażenie niemedyczne powinno być solidne i wytrzymałe.</p>
<p>Kolorystyka do ustalenia na etapie zamawiania.</p>
<p>Prosimy o wycenę usługi montażu mebli. Zamawiający zastrzega, że wyznaczy termin montażu, natomiast nie później niż do 30 listopada br.</p>
<p><strong>Zamawiający dopuszcza składanie ofert wariantowych.<br /></strong></p>
<p><u>Termin dostawy do 5 tygodni od momentu złożenia zamówienia.</u></p>
<p><strong> </strong></p>
<p><strong>Termin składania ofert: 2 sierpnia 2023r.</strong></p>
<p>Ofertę można przesłać e-mailem na adres kancelaria@otnorzesze.pl, pocztą lub złożyć osobiście w kancelarii Ośrodka.</p>
<p>Szczegółowe informacje pod numerem telefonu 32 221 56 70 wew. 103 lub e-mail: kancelaria@otnorzesze.pl.</p>
<p> </p>
<p> </p>

Załączniki

Załączniki do strony
