{"id":98,"name":"zapytanie-ofertowe-na-zakup-i-dostawe-wyposazenia-niemedycznego-w-postaci-szaf-ubraniowych-metalowych-dla-pacjentow-psychiatrycznych","title":"Zapytanie ofertowe na zakup i dostaw\u0119 wyposa\u017cenia niemedycznego w postaci szaf ubraniowych metalowych dla pacjent\u00f3w psychiatrycznych.","desc":"","header":"Zapytanie ofertowe na zakup i dostaw\u0119 wyposa\u017cenia niemedycznego w postaci szaf ubraniowych metalowych dla pacjent\u00f3w psychiatrycznych.","lead":"","keywords":"","changes":"Aktualizacja artyku\u0142u","menu":"","path":"\/zamowienia_publiczne\/zamowieniado170000zl\/zapytanie-ofertowe-na-zakup-i-dostawe-wyposazenia-niemedycznego-w-postaci-szaf-ubraniowych-metalowych-dla-pacjentow-psychiatrycznych.html","url":"\/zamowienia_publiczne\/zamowieniado170000zl\/zapytanie-ofertowe-na-zakup-i-dostawe-wyposazenia-niemedycznego-w-postaci-szaf-ubraniowych-metalowych-dla-pacjentow-psychiatrycznych.html","infoOwner":"O\u015brodek Terapii Nerwic dla Dzieci i M\u0142odzie\u017cy w Orzeszu","dateFirstPublicate":"2023-11-16 12:57:14","dateLastVersionPublicate":"2023-11-30 11:35:45","dateAvailableFrom":"","dateAvailableTo":"","type":"jednostki_Zam\u00f3wienia do 30 000 euro","pageParams":[{"id":"312","name":"jednostki_tytu\u0142 zam\u00f3wienia","description":"Tytu\u0142 zam\u00f3wienia","value":"Zapytanie ofertowe na zakup i dostaw\u0119 wyposa\u017cenia niemedycznego w postaci szaf ubraniowych metalowych dla pacjent\u00f3w psychiatrycznych."},{"id":"313","name":"jednostki_data og\u0142oszenia zam\u00f3wienia","description":"Data og\u0142oszenia","value":"2023-11-16"},{"id":"314","name":"jednostki_status zam\u00f3wienia","description":"Status zam\u00f3wienia","value":"58755"},{"id":"315","name":"jednostki_termin sk\u0142adania ofert (data)","description":"Termin sk\u0142adania ofert (data)","value":"2023-11-23"}],"components":[{"id":"93bb94fe-7312-11e9-90c1-000c290e6fc2","type":"SectionDescription","name":"","description":"Zajawka sekcji","content":[]},{"id":"93bbe8e3-7312-11e9-90c1-000c290e6fc2","type":"PageTitle","name":"Tytu\u0142 strony","description":"Tytu\u0142 strony","content":{"title":"Zapytanie ofertowe na zakup i dostaw\u0119 wyposa\u017cenia niemedycznego w postaci szaf ubraniowych metalowych dla pacjent\u00f3w psychiatrycznych."}},{"id":"93bc435c-7312-11e9-90c1-000c290e6fc2","type":"PageDescription","name":"","description":"Zajawka strony","content":[]},{"id":"93bcef8e-7312-11e9-90c1-000c290e6fc2","type":"ContentWYSIWYG","name":"Tre\u015b\u0107","description":"Tre\u015b\u0107 strony","content":{"content":"\u003Cp\u003E---\u003C\/p\u003E\n\u003Cp\u003E\u00a0W zwi\u0105zku z licznymi zapytaniami ze strony Oferent\u00f3w, O\u015brodek Terapii Nerwic dla Dzieci i M\u0142odzie\u017cy SPZOZ dopuszcza sk\u0142adanie ofert na szafy ubraniowe metalowe o g\u0142\u0119boko\u015bci \u003Cstrong\u003Edo 500 mm\u003C\/strong\u003E.\u003C\/p\u003E\n\u003Cp\u003E---\u003C\/p\u003E\n\u003Cp\u003EO\u015brodek Terapii Nerwic dla Dzieci i M\u0142odzie\u017cy w Orzeszu zwraca si\u0119 z pro\u015bb\u0105 o przedstawienie oferty cenowej na zakup i dostaw\u0119 wyposa\u017cenia niemedycznego w postaci szaf ubraniowych metalowych typu \u201eL\u201d dla 42 pacjent\u00f3w psychiatrycznych.\u003C\/p\u003E\n\u003Cp\u003EDocelowo szafy b\u0119d\u0105 s\u0142u\u017cy\u0107 pacjentom do przechowywania przybor\u00f3w toaletowych i r\u0119cznik\u00f3w.\u003Cstrong\u003E\u003Cbr \/\u003E\u003C\/strong\u003E\u003C\/p\u003E\n\u003Cp\u003E\u003Cstrong\u003ESpecyfikacja:\u003C\/strong\u003E\u003C\/p\u003E\n\u003Cp\u003E- Szafa ubraniowa metalowa z drzwiami w kszta\u0142cie litery \u0022L\u0022,\u003C\/p\u003E\n\u003Cp\u003E- Szafa wyposa\u017cona w dr\u0105\u017cek ubraniowy z 2 haczykami,\u003C\/p\u003E\n\u003Cp\u003E- Szafa zamykana zamkiem z wyj\u015bciem na k\u0142\u00f3dk\u0119, bez k\u0142\u00f3dki,\u003C\/p\u003E\n\u003Cp\u003E- Kolor korpusu \u2013 RAL 7035,\u003C\/p\u003E\n\u003Cp\u003E- Kolor drzwi \u2013 RAL 9010.\u003C\/p\u003E\n\u003Cp\u003E\u003Cstrong\u003E\u00a0\u003C\/strong\u003E\u003C\/p\u003E\n\u003Cp\u003E\u003Cstrong\u003EIlo\u015b\u0107:\u003C\/strong\u003E\u003C\/p\u003E\n\u003Cp\u003ESzafa 1-kolumnowa (2-drzwiowa) o wym. (wys. x szer. x g\u0142.)1800 mm x 300 mm x 300 mm \u2013 \u003Cstrong\u003E1 szt\u003C\/strong\u003E.\u003C\/p\u003E\n\u003Cp\u003ESzafa 4-kolumnowa (8-drzwiowa) o wym. (wys. x szer. x g\u0142.)1800 mm x 1200 mm x 300 mm \u2013 \u003Cstrong\u003E5 szt\u003C\/strong\u003E.\u003C\/p\u003E\n\u003Cp\u003E\u00a0\u003C\/p\u003E\n\u003Cp\u003E\u003Cu\u003ETermin dostawy do 5 tygodni od momentu z\u0142o\u017cenia zam\u00f3wienia.\u003C\/u\u003E\u003C\/p\u003E\n\u003Cp\u003E\u003Cstrong\u003E\u00a0\u003C\/strong\u003E\u003C\/p\u003E\n\u003Cp\u003E\u003Cstrong\u003ETermin sk\u0142adania ofert: 23 listopada 2023 r.\u003C\/strong\u003E\u003C\/p\u003E\n\u003Cp\u003EOfert\u0119 mo\u017cna przes\u0142a\u0107 e-mailem na adres kancelaria@otnorzesze.pl, poczt\u0105 lub z\u0142o\u017cy\u0107 osobi\u015bcie w kancelarii O\u015brodka.\u003C\/p\u003E\n\u003Cp\u003ESzczeg\u00f3\u0142owe informacje pod numerem telefonu 32 221 56 70 wew. 103 lub e-mail: kancelaria@otnorzesze.pl.\u003C\/p\u003E","promotion":false}},{"id":"93bd42ce-7312-11e9-90c1-000c290e6fc2","type":"Gallery","name":"Galeria","description":"Galeria"},{"id":"93bd956b-7312-11e9-90c1-000c290e6fc2","type":"Attachment","name":"Za\u0142\u0105czniki","description":"Za\u0142\u0105czniki do strony","content":[{"src":"\/resource\/176\/OTN_2094_23+Zapytanie+ofertowe+wyposa%25C5%25BCenie+niemedyczne+szafy+metalowe+ubraniowe.pdf","extension":"PDF","name":"dfb6a0d3e4ffe5cca56a27b45a35e3bf.pdf","size":"175.72 KB"},{"src":"\/resource\/176\/OTN_2111_23+Uzupe%25C5%2582nienie.pdf","extension":"PDF","name":"2ab030ae85ae8244ab38823831bca126.pdf","size":"157.17 KB"},{"src":"\/resource\/176\/OTN_2203_2023+Informacja+o+wyborze+oferty+-+szafy+ubraniowe+metalowe.pdf","extension":"PDF","name":"a69e48c6b37eb2d268b1f89dba54316b.pdf","size":"177.09 KB"}]},{"id":"d63e71ef-92cf-11f0-b976-00505697ccff","type":"PageThumbnail","name":"","description":"Miniaturka strony","content":[]}]}

Zapytanie ofertowe na zakup i dostawę wyposażenia niemedycznego w postaci szaf ubraniowych metalowych dla pacjentów psychiatrycznych.

Aktualizacja artykułu

Ośrodek Terapii Nerwic dla Dzieci i Młodzieży w Orzeszu

jednostki_Zamówienia do 30 000 euro

jednostki_tytuł zamówienia

Tytuł zamówienia

jednostki_data ogłoszenia zamówienia

Data ogłoszenia

jednostki_status zamówienia

Status zamówienia

jednostki_termin składania ofert (data)

Termin składania ofert (data)

Tytuł strony

Treść

Treść strony

<p>---</p>
<p> W związku z licznymi zapytaniami ze strony Oferentów, Ośrodek Terapii Nerwic dla Dzieci i Młodzieży SPZOZ dopuszcza składanie ofert na szafy ubraniowe metalowe o głębokości <strong>do 500 mm</strong>.</p>
<p>---</p>
<p>Ośrodek Terapii Nerwic dla Dzieci i Młodzieży w Orzeszu zwraca się z prośbą o przedstawienie oferty cenowej na zakup i dostawę wyposażenia niemedycznego w postaci szaf ubraniowych metalowych typu „L” dla 42 pacjentów psychiatrycznych.</p>
<p>Docelowo szafy będą służyć pacjentom do przechowywania przyborów toaletowych i ręczników.<strong><br /></strong></p>
<p><strong>Specyfikacja:</strong></p>
<p>- Szafa ubraniowa metalowa z drzwiami w kształcie litery "L",</p>
<p>- Szafa wyposażona w drążek ubraniowy z 2 haczykami,</p>
<p>- Szafa zamykana zamkiem z wyjściem na kłódkę, bez kłódki,</p>
<p>- Kolor korpusu – RAL 7035,</p>
<p>- Kolor drzwi – RAL 9010.</p>
<p><strong> </strong></p>
<p><strong>Ilość:</strong></p>
<p>Szafa 1-kolumnowa (2-drzwiowa) o wym. (wys. x szer. x gł.)1800 mm x 300 mm x 300 mm – <strong>1 szt</strong>.</p>
<p>Szafa 4-kolumnowa (8-drzwiowa) o wym. (wys. x szer. x gł.)1800 mm x 1200 mm x 300 mm – <strong>5 szt</strong>.</p>
<p> </p>
<p><u>Termin dostawy do 5 tygodni od momentu złożenia zamówienia.</u></p>
<p><strong> </strong></p>
<p><strong>Termin składania ofert: 23 listopada 2023 r.</strong></p>
<p>Ofertę można przesłać e-mailem na adres kancelaria@otnorzesze.pl, pocztą lub złożyć osobiście w kancelarii Ośrodka.</p>
<p>Szczegółowe informacje pod numerem telefonu 32 221 56 70 wew. 103 lub e-mail: kancelaria@otnorzesze.pl.</p>

Załączniki

Załączniki do strony
