{"id":60,"name":"zapytanie-ofertowe-na-prowadzenie-terapii-indywidualnych-tod-ii-","title":"Zapytanie ofertowe na prowadzenie terapii indywidualnych (TOD II)","desc":"","header":"Zapytanie ofertowe na prowadzenie terapii indywidualnych (TOD II)","lead":"","keywords":"","changes":"Informacja o wyborze oferty","menu":"","path":"\/zamowienia_publiczne\/zamowieniado170000zl\/zapytanie-ofertowe-na-prowadzenie-terapii-indywidualnych-tod-ii-.html","url":"\/zamowienia_publiczne\/zamowieniado170000zl\/zapytanie-ofertowe-na-prowadzenie-terapii-indywidualnych-tod-ii-.html","infoOwner":"O\u015brodek Terapii Nerwic dla Dzieci i M\u0142odzie\u017cy w Orzeszu","dateFirstPublicate":"2020-06-17 13:59:52","dateLastVersionPublicate":"2020-06-26 13:24:48","dateAvailableFrom":"","dateAvailableTo":"","type":"jednostki_Zam\u00f3wienia do 30 000 euro","pageParams":[{"id":"312","name":"jednostki_tytu\u0142 zam\u00f3wienia","description":"Tytu\u0142 zam\u00f3wienia","value":"Zapytanie ofertowe na prowadzenie terapii indywidualnych (TOD II)"},{"id":"313","name":"jednostki_data og\u0142oszenia zam\u00f3wienia","description":"Data og\u0142oszenia","value":"2020-06-17"},{"id":"314","name":"jednostki_status zam\u00f3wienia","description":"Status zam\u00f3wienia","value":"58754"},{"id":"316","name":"jednostki_termin sk\u0142adania ofert (data i godzina)","description":"Termin sk\u0142adania ofert (data i godzina)","value":"2020-06-26 12:00"}],"components":[{"id":"93bb94fe-7312-11e9-90c1-000c290e6fc2","type":"SectionDescription","name":"","description":"Zajawka sekcji","content":[]},{"id":"93bbe8e3-7312-11e9-90c1-000c290e6fc2","type":"PageTitle","name":"Tytu\u0142 strony","description":"Tytu\u0142 strony","content":{"title":"Zapytanie ofertowe na prowadzenie terapii indywidualnych (TOD II)"}},{"id":"93bc435c-7312-11e9-90c1-000c290e6fc2","type":"PageDescription","name":"","description":"Zajawka strony","content":[]},{"id":"93bcef8e-7312-11e9-90c1-000c290e6fc2","type":"ContentWYSIWYG","name":"Tre\u015b\u0107","description":"Tre\u015b\u0107 strony","content":{"content":"\u003Cp\u003E\u003Cimg src=\u0022\/resource\/image\/3\/618\/5\/68\/0x0.png\u0022 alt=\u0022\u0022 \/\u003E\u003C\/p\u003E\n\u003Cp\u003EO\u015brodek Terapii Nerwic dla Dzieci i M\u0142odzie\u017cy w Orzeszu zaprasza do sk\u0142adania ofert na prowadzenie terapii indywidualnych w projekcie \u003Cstrong\u003E\u201eTerapeutyczny Oddzia\u0142 Dzienny II (TOD)\u201d\u003C\/strong\u003E wsp\u00f3\u0142finansowanym ze \u015brodk\u00f3w EFS w ramach RPO WSL na lata 2014-2020.\u003C\/p\u003E","promotion":false}},{"id":"93bd42ce-7312-11e9-90c1-000c290e6fc2","type":"Gallery","name":"Galeria","description":"Galeria"},{"id":"93bd956b-7312-11e9-90c1-000c290e6fc2","type":"Attachment","name":"Za\u0142\u0105czniki","description":"Za\u0142\u0105czniki do strony","content":[{"src":"\/resource\/119\/Informacja+o+wyborze+oferta+TERAPIA+INDYWIDUALNA.pdf","extension":"PDF","name":"0da4b710b5372d66582d0ae22b669b9b.pdf","size":"358.31 KB"},{"src":"\/resource\/118\/Za%25C5%2582%25C4%2585cznik+nr+1+Formularz+ofertowy+Terapia+indywidualna.docx","extension":"DOCX","name":"87bd426c47a45b73406d05591717ef41.docx","size":"36.08 KB"},{"src":"\/resource\/118\/Zapytanie+ofertowe+TERAPIA+INDYWIDUALNA.docx","extension":"DOCX","name":"f4db9bba95223bc7fbbe941ae22706ba.docx","size":"42.48 KB"}]},{"id":"d63e71ef-92cf-11f0-b976-00505697ccff","type":"PageThumbnail","name":"","description":"Miniaturka strony","content":[]}]}

Ośrodek Terapii Nerwic dla Dzieci i Młodzieży w Orzeszu

jednostki_Zamówienia do 30 000 euro

jednostki_tytuł zamówienia

Tytuł zamówienia

jednostki_data ogłoszenia zamówienia

Data ogłoszenia

jednostki_status zamówienia

Status zamówienia

jednostki_termin składania ofert (data i godzina)

Termin składania ofert (data i godzina)

Tytuł strony

Treść

Treść strony

<p><img src="/resource/image/3/618/5/68/0x0.png" alt="" /></p>
<p>Ośrodek Terapii Nerwic dla Dzieci i Młodzieży w Orzeszu zaprasza do składania ofert na prowadzenie terapii indywidualnych w projekcie <strong>„Terapeutyczny Oddział Dzienny II (TOD)”</strong> współfinansowanym ze środków EFS w ramach RPO WSL na lata 2014-2020.</p>

Załączniki

Załączniki do strony
