{"id":92,"name":"zapytanie-ofertowe-na-malowanie-scian-i-sufitow","title":"Zapytanie ofertowe na malowanie \u015bcian i sufit\u00f3w","desc":"","header":"Zapytanie ofertowe na malowanie \u015bcian i sufit\u00f3w","lead":"","keywords":"","changes":"Aktualizacja artyku\u0142u. Dodanie informacji o wyborze oferty.","menu":"","path":"\/zamowienia_publiczne\/zamowieniado170000zl\/zapytanie-ofertowe-na-malowanie-scian-i-sufitow.html","url":"\/zamowienia_publiczne\/zamowieniado170000zl\/zapytanie-ofertowe-na-malowanie-scian-i-sufitow.html","infoOwner":"O\u015brodek Terapii Nerwic dla Dzieci i M\u0142odzie\u017cy w Orzeszu","dateFirstPublicate":"2023-07-25 12:16:04","dateLastVersionPublicate":"2023-08-07 13:18:12","dateAvailableFrom":"","dateAvailableTo":"","type":"jednostki_Zam\u00f3wienia do 30 000 euro","pageParams":[{"id":"312","name":"jednostki_tytu\u0142 zam\u00f3wienia","description":"Tytu\u0142 zam\u00f3wienia","value":"Zapytanie ofertowe na malowanie \u015bcian i sufit\u00f3w"},{"id":"313","name":"jednostki_data og\u0142oszenia zam\u00f3wienia","description":"Data og\u0142oszenia","value":"2023-07-25"},{"id":"314","name":"jednostki_status zam\u00f3wienia","description":"Status zam\u00f3wienia","value":"58755"},{"id":"315","name":"jednostki_termin sk\u0142adania ofert (data)","description":"Termin sk\u0142adania ofert (data)","value":"2023-08-02"}],"components":[{"id":"93bb94fe-7312-11e9-90c1-000c290e6fc2","type":"SectionDescription","name":"","description":"Zajawka sekcji","content":[]},{"id":"93bbe8e3-7312-11e9-90c1-000c290e6fc2","type":"PageTitle","name":"Tytu\u0142 strony","description":"Tytu\u0142 strony","content":{"title":"Zapytanie ofertowe na malowanie \u015bcian i sufit\u00f3w"}},{"id":"93bc435c-7312-11e9-90c1-000c290e6fc2","type":"PageDescription","name":"","description":"Zajawka strony","content":[]},{"id":"93bcef8e-7312-11e9-90c1-000c290e6fc2","type":"ContentWYSIWYG","name":"Tre\u015b\u0107","description":"Tre\u015b\u0107 strony","content":{"content":"\u003Cp\u003EO\u015brodek Terapii Nerwic dla Dzieci i M\u0142odzie\u017cy w Orzeszu zwraca si\u0119 z pro\u015bb\u0105 o przedstawienie oferty cenowej na dwukrotne malowanie \u015bcian i sufit\u00f3w z przetarciem tynk\u00f3w \u2013 ok. 1114,19 m\u003Csup\u003E2\u003C\/sup\u003E (tj. sypialnie dzieci, korytarz, jadalnia, szatnia) z farby powierzonej.\u003C\/p\u003E\n\u003Cp\u003EZakup pozosta\u0142ych akcesori\u00f3w malarskich le\u017cy po stronie Wykonawcy.\u003C\/p\u003E\n\u003Cp\u003EMalowanie pomieszcze\u0144 b\u0119dzie odbywa\u0107 si\u0119 etapami na wezwania Zamawiaj\u0105cego.\u003C\/p\u003E\n\u003Cp\u003ERoboty b\u0119d\u0105 prowadzone w warunkach utrudnionych w czynnym Oddziale Leczenia Zaburze\u0144 Nerwicowych dla Dzieci i M\u0142odzie\u017cy.\u003C\/p\u003E\n\u003Cp\u003EProsimy o podanie stawki roboczogodziny brutto za 1m\u003Csup\u003E2\u003C\/sup\u003E powierzchni.\u003C\/p\u003E\n\u003Cp\u003E\u003Cstrong\u003E\u00a0\u003C\/strong\u003E\u003C\/p\u003E\n\u003Cp\u003E\u003Cu\u003ETermin wykonania rob\u00f3t od 1 wrze\u015bnia do 30 listopada 2023r.\u003C\/u\u003E\u003C\/p\u003E\n\u003Cp\u003E\u003Cstrong\u003E\u00a0\u003C\/strong\u003E\u003C\/p\u003E\n\u003Cp\u003E\u003Cstrong\u003ETermin sk\u0142adania ofert: 2 sierpie\u0144 2023r.\u003C\/strong\u003E\u003C\/p\u003E\n\u003Cp\u003EOfert\u0119 mo\u017cna przes\u0142a\u0107 e-mailem na adres kancelaria@otnorzesze.pl, poczt\u0105 lub z\u0142o\u017cy\u0107 osobi\u015bcie \u003Cbr \/\u003E w kancelarii O\u015brodka.\u003C\/p\u003E\n\u003Cp\u003ESzczeg\u00f3\u0142owe informacje pod numerem telefonu 32 \u00a0221 56 70 wew. 103 lub e-mail: kancelaria@otnorzesze.pl.\u003C\/p\u003E","promotion":false}},{"id":"93bd42ce-7312-11e9-90c1-000c290e6fc2","type":"Gallery","name":"Galeria","description":"Galeria"},{"id":"93bd956b-7312-11e9-90c1-000c290e6fc2","type":"Attachment","name":"Za\u0142\u0105czniki","description":"Za\u0142\u0105czniki do strony","content":[{"src":"\/resource\/170\/OTN_1341_23+Zapytanie+ofertowe+-+malowanie+pomieszcze%25C5%2584.pdf","extension":"PDF","name":"eb695b988f6383bc27104b7b0d5adb65.pdf","size":"576 KB"},{"src":"\/resource\/170\/OTN_1452_2023+Informacja+o+wyborze+oferty+-malowanie.pdf","extension":"PDF","name":"09f6672388277a581016e0c2f1dd420e.pdf","size":"650.99 KB"}]},{"id":"d63e71ef-92cf-11f0-b976-00505697ccff","type":"PageThumbnail","name":"","description":"Miniaturka strony","content":[]}]}

Zapytanie ofertowe na malowanie ścian i sufitów

Aktualizacja artykułu. Dodanie informacji o wyborze oferty.

Ośrodek Terapii Nerwic dla Dzieci i Młodzieży w Orzeszu

jednostki_Zamówienia do 30 000 euro

jednostki_tytuł zamówienia

Tytuł zamówienia

jednostki_data ogłoszenia zamówienia

Data ogłoszenia

jednostki_status zamówienia

Status zamówienia

jednostki_termin składania ofert (data)

Termin składania ofert (data)

Tytuł strony

Treść

Treść strony

<p>Ośrodek Terapii Nerwic dla Dzieci i Młodzieży w Orzeszu zwraca się z prośbą o przedstawienie oferty cenowej na dwukrotne malowanie ścian i sufitów z przetarciem tynków – ok. 1114,19 m<sup>2</sup> (tj. sypialnie dzieci, korytarz, jadalnia, szatnia) z farby powierzonej.</p>
<p>Zakup pozostałych akcesoriów malarskich leży po stronie Wykonawcy.</p>
<p>Malowanie pomieszczeń będzie odbywać się etapami na wezwania Zamawiającego.</p>
<p>Roboty będą prowadzone w warunkach utrudnionych w czynnym Oddziale Leczenia Zaburzeń Nerwicowych dla Dzieci i Młodzieży.</p>
<p>Prosimy o podanie stawki roboczogodziny brutto za 1m<sup>2</sup> powierzchni.</p>
<p><strong> </strong></p>
<p><u>Termin wykonania robót od 1 września do 30 listopada 2023r.</u></p>
<p><strong> </strong></p>
<p><strong>Termin składania ofert: 2 sierpień 2023r.</strong></p>
<p>Ofertę można przesłać e-mailem na adres kancelaria@otnorzesze.pl, pocztą lub złożyć osobiście <br /> w kancelarii Ośrodka.</p>
<p>Szczegółowe informacje pod numerem telefonu 32  221 56 70 wew. 103 lub e-mail: kancelaria@otnorzesze.pl.</p>

Załączniki

Załączniki do strony
