{"id":95,"name":"zapytanie-cenowe-na-zakup-i-dostawe-128-mb-opaski-sciennej-maskujacej","title":"Zapytanie cenowe na zakup i dostaw\u0119 128 mb opaski \u015bciennej maskuj\u0105cej","desc":"","header":"Zapytanie cenowe na zakup i dostaw\u0119 128 mb opaski \u015bciennej maskuj\u0105cej","lead":"","keywords":"","changes":"Aktualizacja artyku\u0142u. Dodanie informacji.","menu":"","path":"\/zamowienia_publiczne\/zamowieniado170000zl\/zapytanie-cenowe-na-zakup-i-dostawe-128-mb-opaski-sciennej-maskujacej.html","url":"\/zamowienia_publiczne\/zamowieniado170000zl\/zapytanie-cenowe-na-zakup-i-dostawe-128-mb-opaski-sciennej-maskujacej.html","infoOwner":"O\u015brodek Terapii Nerwic dla Dzieci i M\u0142odzie\u017cy w Orzeszu","dateFirstPublicate":"2023-07-31 10:51:14","dateLastVersionPublicate":"2023-08-10 11:33:53","dateAvailableFrom":"","dateAvailableTo":"","type":"jednostki_Zam\u00f3wienia do 30 000 euro","pageParams":[{"id":"312","name":"jednostki_tytu\u0142 zam\u00f3wienia","description":"Tytu\u0142 zam\u00f3wienia","value":"Zapytanie cenowe na zakup i dostaw\u0119 128 mb opaski \u015bciennej maskuj\u0105cej"},{"id":"313","name":"jednostki_data og\u0142oszenia zam\u00f3wienia","description":"Data og\u0142oszenia","value":"2023-07-31"},{"id":"314","name":"jednostki_status zam\u00f3wienia","description":"Status zam\u00f3wienia","value":"58755"},{"id":"315","name":"jednostki_termin sk\u0142adania ofert (data)","description":"Termin sk\u0142adania ofert (data)","value":"2023-08-08"}],"components":[{"id":"93bb94fe-7312-11e9-90c1-000c290e6fc2","type":"SectionDescription","name":"","description":"Zajawka sekcji","content":[]},{"id":"93bbe8e3-7312-11e9-90c1-000c290e6fc2","type":"PageTitle","name":"Tytu\u0142 strony","description":"Tytu\u0142 strony","content":{"title":"Zapytanie cenowe na zakup i dostaw\u0119 128 mb opaski \u015bciennej maskuj\u0105cej"}},{"id":"93bc435c-7312-11e9-90c1-000c290e6fc2","type":"PageDescription","name":"","description":"Zajawka strony","content":[]},{"id":"93bcef8e-7312-11e9-90c1-000c290e6fc2","type":"ContentWYSIWYG","name":"Tre\u015b\u0107","description":"Tre\u015b\u0107 strony","content":{"content":"\u003Cp\u003EO\u015brodek Terapii Nerwic dla Dzieci i M\u0142odzie\u017cy w Orzeszu zwraca si\u0119 z pro\u015bb\u0105 o przedstawienie oferty cenowej na zakup i dostaw\u0119 128 mb opaski \u015bciennej maskuj\u0105cej. \u003Cbr \/\u003E\u003Cbr \/\u003ESpecyfikacja:\u003Cbr \/\u003E- p\u0142yta meblowa laminowana 18 mm,\u003Cbr \/\u003E- wszystkie kraw\u0119dzie p\u0142yty oklejone,\u003Cbr \/\u003E- grubo\u015b\u0107 obrze\u017ca 2 mm,\u003Cbr \/\u003E- wysoko\u015b\u0107 opaski ok. 68 cm.\u003Cbr \/\u003E\u003Cbr \/\u003EKolorystyka do ustalenia na etapie zamawiania.\u003Cbr \/\u003E\u003Cbr \/\u003ETermin dostawy do 5 tygodni od momentu z\u0142o\u017cenia zam\u00f3wienia.\u003Cbr \/\u003E\u003Cbr \/\u003ETermin sk\u0142adania ofert: 8 sierpnia 2023r.\u003C\/p\u003E\n\u003Cp\u003E\u003Cbr \/\u003EOfert\u0119 mo\u017cna przes\u0142a\u0107 e-mailem na adres kancelaria@otnorzesze.pl, poczt\u0105 lub z\u0142o\u017cy\u0107 osobi\u015bcie w kancelarii O\u015brodka.\u003Cbr \/\u003ESzczeg\u00f3\u0142owe informacje pod numerem telefonu 32 221 56 70 wew. 103 lub e-mail: kancelaria@otnorzesze.pl.\u003C\/p\u003E","promotion":false}},{"id":"93bd42ce-7312-11e9-90c1-000c290e6fc2","type":"Gallery","name":"Galeria","description":"Galeria"},{"id":"93bd956b-7312-11e9-90c1-000c290e6fc2","type":"Attachment","name":"Za\u0142\u0105czniki","description":"Za\u0142\u0105czniki do strony","content":[{"src":"\/resource\/173\/OTN_1380_23+Zapytanie+ofertowe+opaski.pdf","extension":"PDF","name":"50a7fcdb75aa89f2336ac73f2226b551.pdf","size":"574.8 KB"},{"src":"\/resource\/173\/OTN_1481_2023+Informacja+zakup+i+dostawa+opaski+%25C5%259Bciennej.docx","extension":"DOCX","name":"1e8d5fdba76079a2b94920dbf3fc7824.docx","size":"128.43 KB"}]},{"id":"d63e71ef-92cf-11f0-b976-00505697ccff","type":"PageThumbnail","name":"","description":"Miniaturka strony","content":[]}]}

Zapytanie cenowe na zakup i dostawę 128 mb opaski ściennej maskującej

Aktualizacja artykułu. Dodanie informacji.

Ośrodek Terapii Nerwic dla Dzieci i Młodzieży w Orzeszu

jednostki_Zamówienia do 30 000 euro

jednostki_tytuł zamówienia

Tytuł zamówienia

jednostki_data ogłoszenia zamówienia

Data ogłoszenia

jednostki_status zamówienia

Status zamówienia

jednostki_termin składania ofert (data)

Termin składania ofert (data)

Tytuł strony

Treść

Treść strony

<p>Ośrodek Terapii Nerwic dla Dzieci i Młodzieży w Orzeszu zwraca się z prośbą o przedstawienie oferty cenowej na zakup i dostawę 128 mb opaski ściennej maskującej. <br /><br />Specyfikacja:<br />- płyta meblowa laminowana 18 mm,<br />- wszystkie krawędzie płyty oklejone,<br />- grubość obrzeża 2 mm,<br />- wysokość opaski ok. 68 cm.<br /><br />Kolorystyka do ustalenia na etapie zamawiania.<br /><br />Termin dostawy do 5 tygodni od momentu złożenia zamówienia.<br /><br />Termin składania ofert: 8 sierpnia 2023r.</p>
<p><br />Ofertę można przesłać e-mailem na adres kancelaria@otnorzesze.pl, pocztą lub złożyć osobiście w kancelarii Ośrodka.<br />Szczegółowe informacje pod numerem telefonu 32 221 56 70 wew. 103 lub e-mail: kancelaria@otnorzesze.pl.</p>

Załączniki

Załączniki do strony
