{"id":96,"name":"zapytanie-cenowe-na-montaz-opaski-sciennej","title":"Zapytanie cenowe na monta\u017c opaski \u015bciennej","desc":"","header":"Zapytanie cenowe na monta\u017c opaski \u015bciennej","lead":"","keywords":"","changes":"Aktualizacja artyku\u0142u. Dodanie informacji","menu":"","path":"\/zamowienia_publiczne\/zamowieniado170000zl\/zapytanie-cenowe-na-montaz-opaski-sciennej.html","url":"\/zamowienia_publiczne\/zamowieniado170000zl\/zapytanie-cenowe-na-montaz-opaski-sciennej.html","infoOwner":"O\u015brodek Terapii Nerwic dla Dzieci i M\u0142odzie\u017cy w Orzeszu","dateFirstPublicate":"2023-07-31 13:31:37","dateLastVersionPublicate":"2023-08-10 11:36:24","dateAvailableFrom":"","dateAvailableTo":"","type":"jednostki_Zam\u00f3wienia do 30 000 euro","pageParams":[{"id":"312","name":"jednostki_tytu\u0142 zam\u00f3wienia","description":"Tytu\u0142 zam\u00f3wienia","value":"Zapytanie cenowe na monta\u017c opaski \u015bciennej"},{"id":"313","name":"jednostki_data og\u0142oszenia zam\u00f3wienia","description":"Data og\u0142oszenia","value":"2023-07-31"},{"id":"314","name":"jednostki_status zam\u00f3wienia","description":"Status zam\u00f3wienia","value":"58755"},{"id":"315","name":"jednostki_termin sk\u0142adania ofert (data)","description":"Termin sk\u0142adania ofert (data)","value":"2023-08-08"}],"components":[{"id":"93bb94fe-7312-11e9-90c1-000c290e6fc2","type":"SectionDescription","name":"","description":"Zajawka sekcji","content":[]},{"id":"93bbe8e3-7312-11e9-90c1-000c290e6fc2","type":"PageTitle","name":"Tytu\u0142 strony","description":"Tytu\u0142 strony","content":{"title":"Zapytanie cenowe na monta\u017c opaski \u015bciennej"}},{"id":"93bc435c-7312-11e9-90c1-000c290e6fc2","type":"PageDescription","name":"","description":"Zajawka strony","content":[]},{"id":"93bcef8e-7312-11e9-90c1-000c290e6fc2","type":"ContentWYSIWYG","name":"Tre\u015b\u0107","description":"Tre\u015b\u0107 strony","content":{"content":"\u003Cp\u003EO\u015brodek Terapii Nerwic dla Dzieci i M\u0142odzie\u017cy w Orzeszu zwraca si\u0119 z pro\u015bb\u0105 o przedstawienie oferty cenowej na monta\u017c ok. 128 mb opaski \u015bciennej wraz z pracami towarzysz\u0105cymi.\u003C\/p\u003E\n\u003Cp\u003EZakup materia\u0142\u00f3w niezb\u0119dnych do prac monta\u017cowych le\u017cy po stronie Wykonawcy (zakup p\u0142yty laminowanej po stronie Zamawiaj\u0105cego).\u003C\/p\u003E\n\u003Cp\u003EMonta\u017c opasek b\u0119dzie odbywa\u0107 si\u0119 etapami na wezwania Zamawiaj\u0105cego.\u003C\/p\u003E\n\u003Cp\u003ERoboty b\u0119d\u0105 prowadzone w warunkach utrudnionych w czynnym Oddziale Leczenia Zaburze\u0144 Nerwicowych dla Dzieci i M\u0142odzie\u017cy.\u003C\/p\u003E\n\u003Cp\u003E\u00a0\u003C\/p\u003E\n\u003Cp\u003E\u003Cu\u003ETermin wykonania rob\u00f3t od 1 wrze\u015bnia do 30 listopada 2023r.\u003C\/u\u003E\u003C\/p\u003E\n\u003Cp\u003E\u003Cstrong\u003E\u00a0\u003C\/strong\u003E\u003C\/p\u003E\n\u003Cp\u003E\u003Cstrong\u003ETermin sk\u0142adania ofert: 8 sierpnia 2023r.\u003C\/strong\u003E\u003C\/p\u003E\n\u003Cp\u003EOfert\u0119 mo\u017cna przes\u0142a\u0107 e-mailem na adres kancelaria@otnorzesze.pl, poczt\u0105 lub z\u0142o\u017cy\u0107 osobi\u015bcie w kancelarii O\u015brodka.\u003C\/p\u003E\n\u003Cp\u003ESzczeg\u00f3\u0142owe informacje pod numerem telefonu 32 221 56 70 wew. 103 lub e-mail: kancelaria@otnorzesze.pl.\u003C\/p\u003E\n\u003Cp\u003E\u00a0\u003C\/p\u003E","promotion":false}},{"id":"93bd42ce-7312-11e9-90c1-000c290e6fc2","type":"Gallery","name":"Galeria","description":"Galeria"},{"id":"93bd956b-7312-11e9-90c1-000c290e6fc2","type":"Attachment","name":"Za\u0142\u0105czniki","description":"Za\u0142\u0105czniki do strony","content":[{"src":"\/resource\/174\/OTN_1383_23+Zapytanie+ofertowe+monta%25C5%25BC+opasek.pdf","extension":"PDF","name":"8b621e03281b045ca3bccfec2320c873.pdf","size":"575.32 KB"},{"src":"\/resource\/174\/OTN_1482_2023+Informacja+monta%25C5%25BC+opaski+%25C5%259Bciennej.docx","extension":"DOCX","name":"5fb827959bc923e058ad6e32d803657f.docx","size":"128.53 KB"}]},{"id":"d63e71ef-92cf-11f0-b976-00505697ccff","type":"PageThumbnail","name":"","description":"Miniaturka strony","content":[]}]}

Zapytanie cenowe na montaż opaski ściennej

Aktualizacja artykułu. Dodanie informacji

Ośrodek Terapii Nerwic dla Dzieci i Młodzieży w Orzeszu

jednostki_Zamówienia do 30 000 euro

jednostki_tytuł zamówienia

Tytuł zamówienia

jednostki_data ogłoszenia zamówienia

Data ogłoszenia

jednostki_status zamówienia

Status zamówienia

jednostki_termin składania ofert (data)

Termin składania ofert (data)

Tytuł strony

Treść

Treść strony

<p>Ośrodek Terapii Nerwic dla Dzieci i Młodzieży w Orzeszu zwraca się z prośbą o przedstawienie oferty cenowej na montaż ok. 128 mb opaski ściennej wraz z pracami towarzyszącymi.</p>
<p>Zakup materiałów niezbędnych do prac montażowych leży po stronie Wykonawcy (zakup płyty laminowanej po stronie Zamawiającego).</p>
<p>Montaż opasek będzie odbywać się etapami na wezwania Zamawiającego.</p>
<p>Roboty będą prowadzone w warunkach utrudnionych w czynnym Oddziale Leczenia Zaburzeń Nerwicowych dla Dzieci i Młodzieży.</p>
<p> </p>
<p><u>Termin wykonania robót od 1 września do 30 listopada 2023r.</u></p>
<p><strong> </strong></p>
<p><strong>Termin składania ofert: 8 sierpnia 2023r.</strong></p>
<p>Ofertę można przesłać e-mailem na adres kancelaria@otnorzesze.pl, pocztą lub złożyć osobiście w kancelarii Ośrodka.</p>
<p>Szczegółowe informacje pod numerem telefonu 32 221 56 70 wew. 103 lub e-mail: kancelaria@otnorzesze.pl.</p>
<p> </p>

Załączniki

Załączniki do strony
