{"id":15,"name":"ogloszenia-o-naborze","title":"Og\u0142oszenia o naborze","desc":"","header":"Og\u0142oszenia o naborze","lead":"","keywords":"","changes":"Dodanie artyku\u0142u","menu":"","path":"\/ogloszenia-i-nabory\/nabor_pracownikow\/ogloszenia-o-naborze.html","url":"\/ogloszenia-i-nabory\/nabor_pracownikow\/ogloszenia-o-naborze.html","infoOwner":"Jednostka 1","dateFirstPublicate":"2019-05-15 18:53:02","dateLastVersionPublicate":"2021-02-17 13:44:14","dateAvailableFrom":"2019-10-11 10:53:00","dateAvailableTo":"","type":"jednostki_Zwyk\u0142a","pageParams":[],"components":[{"id":"e99f1591-7316-11e9-90c1-000c290e6fc2","type":"PageTitle","name":"Tytu\u0142 strony","description":"Tytu\u0142 strony","content":{"title":"Og\u0142oszenia o naborze"}},{"id":"e99f6b74-7316-11e9-90c1-000c290e6fc2","type":"PageDescription","name":"","description":"Zajawka strony","content":[]},{"id":"e99fc552-7316-11e9-90c1-000c290e6fc2","type":"ContentWYSIWYG","name":"Tre\u015b\u0107","description":"Tre\u015b\u0107 strony","content":{"content":"\u003Cp\u003E\u003Cstrong\u003EProsimy o zamieszczenie w dokumentach aplikacyjnych jednego z o\u015bwiadcze\u0144:\u003C\/strong\u003E\u003Co:p\u003E\u003C\/o:p\u003E\u003C\/p\u003E\n\u003Cul style=\u0022list-style-type: square;\u0022\u003E\n\u003Cli\u003E\u003Cem\u003EWyra\u017cam zgod\u0119 na przetwarzanie moich danych osobowych zawartych w zg\u0142oszeniu (CV, list motywacyjny) oraz informacji zebranych podczas ewentualnej rozmowy kwalifikacyjnej w celu przeprowadzenia post\u0119powania rekrutacyjnego na stanowisko \u2026 w O\u015brodku Terapii Nerwic dla Dzieci i M\u0142odzie\u017cy. \u003C\/em\u003E\u003Co:p\u003E\u003C\/o:p\u003E\u003C\/li\u003E\n\u003Cli class=\u0022bodytext\u0022 style=\u0022text-align: justify;\u0022\u003E\u003Cem\u003EWyra\u017cam zgod\u0119 na przetwarzanie moich danych osobowych zawartych w zg\u0142oszeniu (CV, list motywacyjny) oraz informacji zebranych podczas ewentualnej rozmowy kwalifikacyjnej przez okres trwania procesu rekrutacyjnego na stanowisko \u2026 w O\u015brodku Terapii Nerwic dla Dzieci i M\u0142odzie\u017cy, jak r\u00f3wnie\u017c w celu w\u0142\u0105czenia mnie do bazy kandydat\u00f3w na potrzeby przysz\u0142ych proces\u00f3w rekrutacyjnych w O\u015brodku Terapii Nerwic dla Dzieci i M\u0142odzie\u017cy, w tym r\u00f3wnie\u017c na inne stanowiska.\u003C\/em\u003E\u003Co:p\u003E\u003C\/o:p\u003E\u003C\/li\u003E\n\u003C\/ul\u003E","promotion":false}},{"id":"e9a0767d-7316-11e9-90c1-000c290e6fc2","type":"Gallery","name":"Galeria","description":"Galeria"},{"id":"e9a0ccd8-7316-11e9-90c1-000c290e6fc2","type":"Attachment","name":"Za\u0142\u0105czniki","description":"Za\u0142\u0105czniki do strony"}]}

Ogłoszenia o naborze

Dodanie artykułu

jednostki_Zwykła

Tytuł strony

Treść

Treść strony

<p><strong>Prosimy o zamieszczenie w dokumentach aplikacyjnych jednego z oświadczeń:</strong><o:p></o:p></p>
<ul style="list-style-type: square;">
<li><em>Wyrażam zgodę na przetwarzanie moich danych osobowych zawartych w zgłoszeniu (CV, list motywacyjny) oraz informacji zebranych podczas ewentualnej rozmowy kwalifikacyjnej w celu przeprowadzenia postępowania rekrutacyjnego na stanowisko … w Ośrodku Terapii Nerwic dla Dzieci i Młodzieży. </em><o:p></o:p></li>
<li class="bodytext" style="text-align: justify;"><em>Wyrażam zgodę na przetwarzanie moich danych osobowych zawartych w zgłoszeniu (CV, list motywacyjny) oraz informacji zebranych podczas ewentualnej rozmowy kwalifikacyjnej przez okres trwania procesu rekrutacyjnego na stanowisko … w Ośrodku Terapii Nerwic dla Dzieci i Młodzieży, jak również w celu włączenia mnie do bazy kandydatów na potrzeby przyszłych procesów rekrutacyjnych w Ośrodku Terapii Nerwic dla Dzieci i Młodzieży, w tym również na inne stanowiska.</em><o:p></o:p></li>
</ul>

Załączniki

Załączniki do strony
