{"id":39,"name":"rzecznik-praw-pacjenta","title":"Rzecznik Praw Pacjenta","desc":"","header":"Rzecznik Praw Pacjenta","lead":"","keywords":"","changes":"aktualizacja artyku\u0142u","menu":"","path":"\/dla-pacjenta\/rzecznik-praw-pacjenta.html","url":"\/dla-pacjenta\/rzecznik-praw-pacjenta.html","infoOwner":"O\u015brodek Terapii Nerwic dla Dzieci i M\u0142odzie\u017cy w Orzeszu","dateFirstPublicate":"2019-10-11 10:45:51","dateLastVersionPublicate":"2026-04-27 10:46:29","dateAvailableFrom":"2019-10-11 10:43:27","dateAvailableTo":"","type":"jednostki_Zwyk\u0142a","pageParams":[],"components":[{"id":"93bb94fe-7312-11e9-90c1-000c290e6fc2","type":"SectionDescription","name":"","description":"Zajawka sekcji","content":[]},{"id":"93bbe8e3-7312-11e9-90c1-000c290e6fc2","type":"PageTitle","name":"Tytu\u0142 strony","description":"Tytu\u0142 strony","content":{"title":"Rzecznik Praw Pacjenta"}},{"id":"93bc435c-7312-11e9-90c1-000c290e6fc2","type":"PageDescription","name":"","description":"Zajawka strony","content":[]},{"id":"93bcef8e-7312-11e9-90c1-000c290e6fc2","type":"ContentWYSIWYG","name":"Tre\u015b\u0107","description":"Tre\u015b\u0107 strony","content":{"content":"\u003Cp\u003E\u003Cstrong\u003ERzecznik Praw Pacjenta Szpitala Psychiatrycznego\u003C\/strong\u003E\u003C\/p\u003E\n\u003Cp\u003EInstytucja Rzecznika Praw Pacjenta Szpitala Psychiatrycznego zosta\u0142a powo\u0142ana w celu ochrony praw osoby korzystaj\u0105cej ze \u015bwiadcze\u0144 zdrowotnych udzielanych przez szpital psychiatryczny. Pomoc w dochodzeniu praw tej osoby przys\u0142uguje r\u00f3wnie\u017c jej przedstawicielowi ustawowemu, opiekunowi prawnemu lub faktycznemu.\u003C\/p\u003E\n\u003Cp\u003E\u003Cb\u003EZakres zada\u0144 Rzecznika Praw Pacjenta Szpitala Psychiatrycznego:\u003C\/b\u003E\u003C\/p\u003E\n\u003Cul\u003E\n\u003Cli\u003EPomoc w dochodzeniu praw w sprawach zwi\u0105zanych z przyj\u0119ciem leczeniem, warunkami pobytu i wypisaniem ze szpitala psychiatrycznego\u003C\/li\u003E\n\u003Cli\u003EWyja\u015bnianie lub pomoc w wyja\u015bnianiu ustnych i pisemnych skarg pacjent\u00f3w\u003C\/li\u003E\n\u003Cli\u003EWsp\u00f3\u0142praca z rodzin\u0105, przedstawicielem ustawowym, opiekunem prawnym lub faktycznym pacjenta\u003C\/li\u003E\n\u003Cli\u003EInicjowanie i prowadzenie dzia\u0142alno\u015bci edukacyjno-informacyjnej w zakresie praw os\u00f3b korzystaj\u0105cych ze ze \u015bwiadcze\u0144 zdrowotnych udzielanych przez szpital psychiatryczny.\u003C\/li\u003E\n\u003C\/ul\u003E\n\u003Cp\u003E\u00a0\u003C\/p\u003E\n\u003Cp\u003E\u003Cstrong\u003EAgnieszka Badura\u00a0\u003C\/strong\u003E- Specjalista pe\u0142ni\u0105cy funkcj\u0119 Rzecznika Praw Pacjenta Szpitala Psychiatrycznego w O\u015brodku Terapii Nerwic dla Dzieci i M\u0142odzie\u017cy w Orzeszu\u003Co:p\u003E\u003C\/o:p\u003E\u003C\/p\u003E\n\u003Cp\u003E\u003Cstrong\u003EKontakt z Rzecznikiem:\u003C\/strong\u003E\u003C\/p\u003E\n\u003Cp\u003E- telefonicznie 795 471 849\u003C\/p\u003E\n\u003Cp\u003E- e-mail: a.badura@rpp.gov.pl\u003C\/p\u003E\n\u003Cp\u003E- istnieje tak\u017ce mo\u017cliwo\u015b\u0107 osobistego spotkania z Rzecznikiem w zwi\u0105zku z czym Pacjenci proszeni s\u0105 o przekazanie takiej potrzeby drog\u0105 telefoniczn\u0105, mailow\u0105 bezpo\u015brednio do Rzecznika\u003C\/p\u003E\n\u003Cp\u003E\u00a0- potrzeb\u0119 spotkania z Rzecznikiem mo\u017cna tak\u017ce zg\u0142asza\u0107 do personelu medycznego oddzia\u0142u\u003Cstrong\u003E.\u003Cbr \/\u003E \u003Cbr \/\u003E \u003C\/strong\u003E\u003C\/p\u003E\n\u003Cp\u003E\u003Co:p\u003E\u003C\/o:p\u003E\u003C\/p\u003E\n\u003Cp\u003ERzecznik Praw Szpitala Psychiatrycznego jest pracownikiem Biura Rzecznika Praw Pacjenta i wykonuje swoje zadania przy pomocy tego Biura.\u003Co:p\u003E\u003C\/o:p\u003E\u003C\/p\u003E\n\u003Cp\u003E\u003Cstrong\u003ERzecznik Praw Pacjenta - Bart\u0142omiej Chmielowiec\u003Cbr \/\u003E\u003C\/strong\u003E\u003Co:p\u003E\u003C\/o:p\u003Eul. P\u0142ocka 11\/13\u003Cbr \/\u003E01-231 Warszawa\u003Co:p\u003E\u003C\/o:p\u003E\u003Cbr \/\u003Ee-mail: \u003Ca href=\u0022mailto:sekretariat@rpp.gov.pl\u0022 title=\u0022Adres e-mail do Biura Rzecznika Praw Pacjenta\u0022\u003Esekretariat@rpp.gov.pl\u003C\/a\u003E \u003Co:p\u003E\u003C\/o:p\u003E\u003Cbr \/\u003E\u003Ca href=\u0022http:\/\/www.rpp.gov.pl\u0022 target=\u0022_blank\u0022 rel=\u0022noopener noreferrer\u0022 title=\u0022Strona www Rzecznika Praw Pacjenta - otwarcie w nowym oknie\u0022\u003Ewww.rpp.gov.pl\u003C\/a\u003E \u003Co:p\u003E\u003C\/o:p\u003E\u003C\/p\u003E\n\u003Cp\u003EBezp\u0142atna infolinia: 800-190-590 czynna ca\u0142odobowo przez siedem dni w tygodniu.\u003Co:p\u003E\u003C\/o:p\u003E\u003C\/p\u003E\n\u003Cp\u003E\u003Co:p\u003E\u003C\/o:p\u003EAdministratorem danych osobowych przekazanych Rzecznikowi Praw Pacjenta Szpitala Psychiatrycznego jest Rzecznik Praw Pacjenta z\u00a0siedzib\u0105 w Warszawie (01-231) przy ul. P\u0142ockiej 11\/13. Rzecznik Praw Pacjenta przetwarza dane osobowe w zwi\u0105zku z realizacj\u0105 zada\u0144 okre\u015blonych m. in. w ustawie z dnia 6 listopada 2008 r. \u003Cstrong\u003Eo prawach pacjenta i Rzeczniku Praw Pacjenta\u003C\/strong\u003E, ustawie z dnia 19 sierpnia 1994 r. \u003Cstrong\u003Eo ochronie zdrowia psychicznego\u003C\/strong\u003E, ustawie z dnia 14 czerwca 1960 r. - \u003Cstrong\u003EKodeks post\u0119powania administracyjnego\u003C\/strong\u003E, ustawie z dnia 11 lipca 2014 r. \u003Cstrong\u003Eo petycjach\u003C\/strong\u003E, ustawie z dnia 6 wrze\u015bnia 2001 r. \u003Cstrong\u003Eo dost\u0119pie do informacji publicznej\u003C\/strong\u003E.\u003Co:p\u003E\u003C\/o:p\u003E\u003C\/p\u003E","promotion":false}},{"id":"93bd42ce-7312-11e9-90c1-000c290e6fc2","type":"Gallery","name":"Galeria","description":"Galeria"},{"id":"93bd956b-7312-11e9-90c1-000c290e6fc2","type":"Attachment","name":"Za\u0142\u0105czniki","description":"Za\u0142\u0105czniki do strony","content":[{"src":"\/resource\/75\/Rzecznik+informacja+na+tablice+oddzia%25C5%2582%25C3%25B3w_.pdf","extension":"PDF","name":"ce06bab5eaa57fe5c4a2ab0b2c83e10a.pdf","size":"248.18 KB"},{"src":"\/resource\/75\/A4_plakat_infolinia.pdf","extension":"PDF","name":"8a75546002430c73d3cca45e4c09afa6.pdf","size":"1.22 MB"},{"src":"\/resource\/75\/PRAWA_PACJENTA%25281%2529.pdf","extension":"PDF","name":"db128e48c88309d32133abf39d052b4c.pdf","size":"3.63 MB"},{"src":"\/resource\/75\/plakat-prawa-pacjenta-2024.pdf","extension":"PDF","name":"c525eefc16e67c858ddb9eedaa26a9b8.pdf","size":"2.85 MB"},{"src":"\/resource\/75\/Standardy+ochrony+ma%25C5%2582oletnich+-+Za%25C5%2582+nr+1+do+Zarz%25C4%2585dzenia+nr+13+z+dnia+14.08.2024r..pdf","extension":"PDF","name":"0305bf53521e960ae5cad8107b5545be.pdf","size":"1.15 MB"}]},{"id":"d63e71ef-92cf-11f0-b976-00505697ccff","type":"PageThumbnail","name":"","description":"Miniaturka strony","content":[]}]}

aktualizacja artykułu

Ośrodek Terapii Nerwic dla Dzieci i Młodzieży w Orzeszu

jednostki_Zwykła

Tytuł strony

Treść

Treść strony

<p><strong>Rzecznik Praw Pacjenta Szpitala Psychiatrycznego</strong></p>
<p>Instytucja Rzecznika Praw Pacjenta Szpitala Psychiatrycznego została powołana w celu ochrony praw osoby korzystającej ze świadczeń zdrowotnych udzielanych przez szpital psychiatryczny. Pomoc w dochodzeniu praw tej osoby przysługuje również jej przedstawicielowi ustawowemu, opiekunowi prawnemu lub faktycznemu.</p>
<p><b>Zakres zadań Rzecznika Praw Pacjenta Szpitala Psychiatrycznego:</b></p>
<ul>
<li>Pomoc w dochodzeniu praw w sprawach związanych z przyjęciem leczeniem, warunkami pobytu i wypisaniem ze szpitala psychiatrycznego</li>
<li>Wyjaśnianie lub pomoc w wyjaśnianiu ustnych i pisemnych skarg pacjentów</li>
<li>Współpraca z rodziną, przedstawicielem ustawowym, opiekunem prawnym lub faktycznym pacjenta</li>
<li>Inicjowanie i prowadzenie działalności edukacyjno-informacyjnej w zakresie praw osób korzystających ze ze świadczeń zdrowotnych udzielanych przez szpital psychiatryczny.</li>
</ul>
<p> </p>
<p><strong>Agnieszka Badura </strong>- Specjalista pełniący funkcję Rzecznika Praw Pacjenta Szpitala Psychiatrycznego w Ośrodku Terapii Nerwic dla Dzieci i Młodzieży w Orzeszu<o:p></o:p></p>
<p><strong>Kontakt z Rzecznikiem:</strong></p>
<p>- telefonicznie 795 471 849</p>
<p>- e-mail: a.badura@rpp.gov.pl</p>
<p>- istnieje także możliwość osobistego spotkania z Rzecznikiem w związku z czym Pacjenci proszeni są o przekazanie takiej potrzeby drogą telefoniczną, mailową bezpośrednio do Rzecznika</p>
<p> - potrzebę spotkania z Rzecznikiem można także zgłaszać do personelu medycznego oddziału<strong>.<br /> <br /> </strong></p>
<p><o:p></o:p></p>
<p>Rzecznik Praw Szpitala Psychiatrycznego jest pracownikiem Biura Rzecznika Praw Pacjenta i wykonuje swoje zadania przy pomocy tego Biura.<o:p></o:p></p>
<p><strong>Rzecznik Praw Pacjenta - Bartłomiej Chmielowiec<br /></strong><o:p></o:p>ul. Płocka 11/13<br />01-231 Warszawa<o:p></o:p><br />e-mail: <a href="mailto:sekretariat@rpp.gov.pl" title="Adres e-mail do Biura Rzecznika Praw Pacjenta">sekretariat@rpp.gov.pl</a> <o:p></o:p><br /><a href="http://www.rpp.gov.pl" target="_blank" rel="noopener noreferrer" title="Strona www Rzecznika Praw Pacjenta - otwarcie w nowym oknie">www.rpp.gov.pl</a> <o:p></o:p></p>
<p>Bezpłatna infolinia: 800-190-590 czynna całodobowo przez siedem dni w tygodniu.<o:p></o:p></p>
<p><o:p></o:p>Administratorem danych osobowych przekazanych Rzecznikowi Praw Pacjenta Szpitala Psychiatrycznego jest Rzecznik Praw Pacjenta z siedzibą w Warszawie (01-231) przy ul. Płockiej 11/13. Rzecznik Praw Pacjenta przetwarza dane osobowe w związku z realizacją zadań określonych m. in. w ustawie z dnia 6 listopada 2008 r. <strong>o prawach pacjenta i Rzeczniku Praw Pacjenta</strong>, ustawie z dnia 19 sierpnia 1994 r. <strong>o ochronie zdrowia psychicznego</strong>, ustawie z dnia 14 czerwca 1960 r. - <strong>Kodeks postępowania administracyjnego</strong>, ustawie z dnia 11 lipca 2014 r. <strong>o petycjach</strong>, ustawie z dnia 6 września 2001 r. <strong>o dostępie do informacji publicznej</strong>.<o:p></o:p></p>

Załączniki

Załączniki do strony
