{"id":43,"name":"projekty-unijne","title":"Projekty unijne","desc":"","header":"Projekty unijne","lead":"","keywords":"","changes":"Dodanie logo unijnego","menu":"","path":"\/dla-pacjenta\/projekty_unijne\/projekty-unijne.html","url":"\/dla-pacjenta\/projekty_unijne\/projekty-unijne.html","infoOwner":"O\u015brodek Terapii Nerwic dla Dzieci i M\u0142odzie\u017cy w Orzeszu","dateFirstPublicate":"2019-10-11 11:02:03","dateLastVersionPublicate":"2020-04-27 10:33:25","dateAvailableFrom":"2019-10-11 11:00:52","dateAvailableTo":"","type":"jednostki_Zwyk\u0142a","pageParams":[],"components":[{"id":"71543148-7315-11e9-90c1-000c290e6fc2","type":"PageTitle","name":"Tytu\u0142 strony","description":"Tytu\u0142 strony","content":{"title":"Projekty unijne"}},{"id":"715485e4-7315-11e9-90c1-000c290e6fc2","type":"PageDescription","name":"","description":"Zajawka strony","content":[]},{"id":"7154db05-7315-11e9-90c1-000c290e6fc2","type":"ContentWYSIWYG","name":"Tre\u015b\u0107","description":"Tre\u015b\u0107 strony","content":{"content":"\u003Cp\u003E\u003Cimg src=\u0022\/resource\/image\/3\/618\/5\/68\/0x0.png\u0022 alt=\u0022logo projekt\u00f3w unijnych\u0022 \/\u003E\u003C\/p\u003E","promotion":false}},{"id":"71557d35-7315-11e9-90c1-000c290e6fc2","type":"Gallery","name":"Galeria","description":"Galeria"},{"id":"7155cfa2-7315-11e9-90c1-000c290e6fc2","type":"Attachment","name":"Za\u0142\u0105czniki","description":"Za\u0142\u0105czniki do strony"}]}

Ośrodek Terapii Nerwic dla Dzieci i Młodzieży w Orzeszu

jednostki_Zwykła

Tytuł strony

Treść

Treść strony

<p><img src="/resource/image/3/618/5/68/0x0.png" alt="logo projektów unijnych" /></p>

Załączniki

Załączniki do strony
