{"id":34,"name":"skierowanie","title":"Informacje dotycz\u0105ce pobytu","desc":"","header":"Informacje dotycz\u0105ce pobytu","lead":"","keywords":"","changes":"Aktualizacja artyku\u0142u","menu":"","path":"\/dla-pacjenta\/oddzial_calodobowy\/skierowanie.html","url":"\/dla-pacjenta\/oddzial_calodobowy\/skierowanie.html","infoOwner":"O\u015brodek Terapii Nerwic dla Dzieci i M\u0142odzie\u017cy w Orzeszu","dateFirstPublicate":"2019-10-11 10:35:31","dateLastVersionPublicate":"2026-04-27 12:08:43","dateAvailableFrom":"2019-10-11 10:33:53","dateAvailableTo":"","type":"jednostki_Zwyk\u0142a","pageParams":[],"components":[{"id":"93bb94fe-7312-11e9-90c1-000c290e6fc2","type":"SectionDescription","name":"","description":"Zajawka sekcji","content":[]},{"id":"93bbe8e3-7312-11e9-90c1-000c290e6fc2","type":"PageTitle","name":"Tytu\u0142 strony","description":"Tytu\u0142 strony","content":{"title":"Informacje dotycz\u0105ce pobytu"}},{"id":"93bc435c-7312-11e9-90c1-000c290e6fc2","type":"PageDescription","name":"","description":"Zajawka strony","content":[]},{"id":"93bcef8e-7312-11e9-90c1-000c290e6fc2","type":"ContentWYSIWYG","name":"Tre\u015b\u0107","description":"Tre\u015b\u0107 strony","content":{"content":"\u003Cdiv class=\u0022component component-accepted\u0022 data-id=\u002293bcef8e-7312-11e9-90c1-000c290e6fc2\u0022 data-is-editable=\u00227\u0022 data-name=\u0022Cms_ContentWYSIWYG\u0022\u003E\n\u003Cdiv class=\u0022component-main-content component-content-wysiwyg item\u0022\u003E\n\u003Cdiv class=\u0022component-wrapper\u0022\u003E\n\u003Cdiv class=\u0022component-content\u0022\u003E\n\u003Cdiv class=\u0022component-item clearfix\u0022\u003E\u003Cbr \/\u003E\n\u003Cp\u003E\u003Cstrong\u003E\u003Cem\u003E\u00a0\u003C\/em\u003E\u003C\/strong\u003E\u003C\/p\u003E\n\u003C\/div\u003E\n\u003Cdiv class=\u0022component-item clearfix\u0022\u003E\u003C\/div\u003E\n\u003C\/div\u003E\n\u003C\/div\u003E\n\u003C\/div\u003E\n\u003C\/div\u003E","promotion":false}},{"id":"93bd42ce-7312-11e9-90c1-000c290e6fc2","type":"Gallery","name":"Galeria","description":"Galeria"},{"id":"93bd956b-7312-11e9-90c1-000c290e6fc2","type":"Attachment","name":"Za\u0142\u0105czniki","description":"Za\u0142\u0105czniki do strony","content":[{"src":"\/resource\/69\/WA%25C5%25BBNE+INFORMACJE+DLA+RODZIC%25C3%2593W++2026_2.pdf","extension":"PDF","name":"8266f2b506824a976489b4b63f39b340.pdf","size":"348.61 KB"},{"src":"\/resource\/69\/REGULAMIN_OLZN__AKTUALNY_.pdf","extension":"PDF","name":"48ec6c6d3b5e1f06b19f490f727665ea.pdf","size":"211.06 KB"},{"src":"\/resource\/69\/Standardy_ochrony_maloletnich_-_Zal_nr_1_do_Zarzadzenia_nr_13_z_dnia_14.08.2024r.%25281%2529.pdf","extension":"PDF","name":"f36548de4ad0782a18b9d19f02de8267.pdf","size":"1.15 MB"},{"src":"\/resource\/69\/Plan_dnia.pdf","extension":"PDF","name":"10e29f4101f0bcc8a729187689b62cb6.pdf","size":"114.92 KB"},{"src":"\/resource\/69\/Przepustki_2026.pdf","extension":"PDF","name":"e760839eba567e6e8793fcccc7eef5d9.pdf","size":"193.95 KB"},{"src":"\/resource\/69\/Plan+dydaktyczny+Orzesze+od+27.04.2026.pdf","extension":"PDF","name":"77372af8d9f5c2ab00df943342a61050.pdf","size":"128.88 KB"}]},{"id":"d63e71ef-92cf-11f0-b976-00505697ccff","type":"PageThumbnail","name":"","description":"Miniaturka strony","content":[]}]}

Informacje dotyczące pobytu

Aktualizacja artykułu

Ośrodek Terapii Nerwic dla Dzieci i Młodzieży w Orzeszu

jednostki_Zwykła

Tytuł strony

Treść

Treść strony

Załączniki

Załączniki do strony
