{"id":38,"name":"schorzenia-leczone-w-oddziale","title":"Model pracy w Oddziale","desc":"","header":"Model pracy w Oddziale","lead":"","keywords":"","changes":"Aktualizacja artyku\u0142u","menu":"","path":"\/dla-pacjenta\/oddzial_calodobowy\/schorzenia-leczone-w-oddziale.html","url":"\/dla-pacjenta\/oddzial_calodobowy\/schorzenia-leczone-w-oddziale.html","infoOwner":"O\u015brodek Terapii Nerwic dla Dzieci i M\u0142odzie\u017cy w Orzeszu","dateFirstPublicate":"2019-10-11 10:40:46","dateLastVersionPublicate":"2024-10-24 10:28:50","dateAvailableFrom":"2019-10-11 10:39:27","dateAvailableTo":"","type":"jednostki_Zwyk\u0142a","pageParams":[],"components":[{"id":"93bb94fe-7312-11e9-90c1-000c290e6fc2","type":"SectionDescription","name":"","description":"Zajawka sekcji","content":[]},{"id":"93bbe8e3-7312-11e9-90c1-000c290e6fc2","type":"PageTitle","name":"Tytu\u0142 strony","description":"Tytu\u0142 strony","content":{"title":"Model pracy w Oddziale"}},{"id":"93bc435c-7312-11e9-90c1-000c290e6fc2","type":"PageDescription","name":"","description":"Zajawka strony","content":[]},{"id":"93bcef8e-7312-11e9-90c1-000c290e6fc2","type":"ContentWYSIWYG","name":"Tre\u015b\u0107","description":"Tre\u015b\u0107 strony","content":{"content":"\u003Cdiv class=\u0022col-12 col-md-8 col-lg-9 px-0 order-1 order-md-2\u0022\u003E\n\u003Cdiv class=\u0022px-0 px-md-4\u0022\u003E\n\u003Carticle id=\u0022content\u0022\u003E\n\u003Cdiv id=\u0022c872\u0022 class=\u0022frame frame-default frame-type-textpic frame-layout-0\u0022\u003E\n\u003Cdiv class=\u0022ce-textpic ce-center ce-above\u0022\u003E\n\u003Cdiv class=\u0022ce-bodytext\u0022\u003E\n\u003Cp class=\u0022text-justify\u0022\u003EModel leczenia w Oddziale opiera si\u0119 na pracy psychoterapeutycznej w formie indywidualnej i grupowej, r\u00f3wnolegle z konsultacjami psychiatrycznymi i mo\u017cliwo\u015bci\u0105 farmakoterapii.\u00a0\u003C\/p\u003E\n\u003Cp class=\u0022text-justify\u0022\u003EProces psychoterapeutyczny wspierany jest przez terapi\u0119 zaj\u0119ciow\u0105, relaksacj\u0119, socjoterapi\u0119, dogoterapi\u0119, trening czynno\u015bci dnia codziennego, terapi\u0119 ruchow\u0105, terapi\u0119 przez zabaw\u0119.\u00a0\u003Cbr \/\u003EIstotnym elementem procesu leczenia jest w\u0142\u0105czenie pacjenta w zaj\u0119cia edukacyjne \u2013 zapewniamy dost\u0119p do nauczania na poziomie szko\u0142y podstawowej oraz ponadpodstawowej.\u00a0\u003C\/p\u003E\n\u003Cp\u003EModel oddzia\u0142ywa\u0144 opiera si\u0119 na \u015bcis\u0142ej wsp\u00f3\u0142pracy wszystkich cz\u0142onk\u00f3w zespo\u0142u, do kt\u00f3rego nale\u017c\u0105:\u003C\/p\u003E\n\u003Cul\u003E\n\u003Cli\u003ELekarze \u2013 specjali\u015bci psychiatrii dzieci i m\u0142odzie\u017cy, w trakcie specjalizacji z dzieci i m\u0142odzie\u017cy,\u003C\/li\u003E\n\u003Cli\u003EPsycholodzy,\u003C\/li\u003E\n\u003Cli\u003EPsychoterapeuci,\u003C\/li\u003E\n\u003Cli\u003EPedagog specjalny,\u003C\/li\u003E\n\u003Cli\u003EDogoterapeuta,\u003C\/li\u003E\n\u003Cli\u003ETerapeuci zaj\u0119ciowi,\u003C\/li\u003E\n\u003Cli\u003EPersonel piel\u0119gniarski,\u003C\/li\u003E\n\u003Cli\u003EKadra pedagogiczna Zespo\u0142u Szk\u00f3\u0142 Specjalnych przy O\u015brodku Terapii Nerwic dla Dzieci i M\u0142odzie\u017cy.\u003C\/li\u003E\n\u003C\/ul\u003E\n\u003Cp\u003EW pierwszych dniach pobytu Zesp\u00f3\u0142 Prowadz\u0105cy precyzuje Indywidualny Program Terapii (IPT) Pacjenta.\u003C\/p\u003E\n\u003Cp\u003EIPT oraz przebieg leczenia jest regularnie omawiany podczas cotygodniowych zebra\u0144 Zespo\u0142u Terapeutycznego oraz w zale\u017cno\u015bci od potrzeb podlega procesowi superwizji. \u00a0\u00a0\u003C\/p\u003E\n\u003Cp\u003EOddzia\u0142 funkcjonuje w strukturze p\u00f3\u0142otwartej tzn. pomieszczenia szkolne, terapeutyczne znajduj\u0105 si\u0119 w odr\u0119bnym budynku, zaj\u0119cia ruchowe prowadzone na terenie parku, w ramach zaj\u0119\u0107 organizowane s\u0105 r\u00f3wnie\u017c aktywno\u015bci poza terenem O\u015brodka. \u00a0\u003C\/p\u003E\n\u003C\/div\u003E\n\u003C\/div\u003E\n\u003C\/div\u003E\n\u003C\/article\u003E\n\u003C\/div\u003E\n\u003C\/div\u003E","promotion":false}},{"id":"93bd42ce-7312-11e9-90c1-000c290e6fc2","type":"Gallery","name":"Galeria","description":"Galeria"},{"id":"93bd956b-7312-11e9-90c1-000c290e6fc2","type":"Attachment","name":"Za\u0142\u0105czniki","description":"Za\u0142\u0105czniki do strony"},{"id":"d63e71ef-92cf-11f0-b976-00505697ccff","type":"PageThumbnail","name":"","description":"Miniaturka strony","content":[]}]}

Aktualizacja artykułu

Ośrodek Terapii Nerwic dla Dzieci i Młodzieży w Orzeszu

jednostki_Zwykła

Tytuł strony

Treść

Treść strony

<div class="col-12 col-md-8 col-lg-9 px-0 order-1 order-md-2">
<div class="px-0 px-md-4">
<article id="content">
<div id="c872" class="frame frame-default frame-type-textpic frame-layout-0">
<div class="ce-textpic ce-center ce-above">
<div class="ce-bodytext">
<p class="text-justify">Model leczenia w Oddziale opiera się na pracy psychoterapeutycznej w formie indywidualnej i grupowej, równolegle z konsultacjami psychiatrycznymi i możliwością farmakoterapii. </p>
<p class="text-justify">Proces psychoterapeutyczny wspierany jest przez terapię zajęciową, relaksację, socjoterapię, dogoterapię, trening czynności dnia codziennego, terapię ruchową, terapię przez zabawę. <br />Istotnym elementem procesu leczenia jest włączenie pacjenta w zajęcia edukacyjne – zapewniamy dostęp do nauczania na poziomie szkoły podstawowej oraz ponadpodstawowej. </p>
<p>Model oddziaływań opiera się na ścisłej współpracy wszystkich członków zespołu, do którego należą:</p>
<ul>
<li>Lekarze – specjaliści psychiatrii dzieci i młodzieży, w trakcie specjalizacji z dzieci i młodzieży,</li>
<li>Psycholodzy,</li>
<li>Psychoterapeuci,</li>
<li>Pedagog specjalny,</li>
<li>Dogoterapeuta,</li>
<li>Terapeuci zajęciowi,</li>
<li>Personel pielęgniarski,</li>
<li>Kadra pedagogiczna Zespołu Szkół Specjalnych przy Ośrodku Terapii Nerwic dla Dzieci i Młodzieży.</li>
</ul>
<p>W pierwszych dniach pobytu Zespół Prowadzący precyzuje Indywidualny Program Terapii (IPT) Pacjenta.</p>
<p>IPT oraz przebieg leczenia jest regularnie omawiany podczas cotygodniowych zebrań Zespołu Terapeutycznego oraz w zależności od potrzeb podlega procesowi superwizji.   </p>
<p>Oddział funkcjonuje w strukturze półotwartej tzn. pomieszczenia szkolne, terapeutyczne znajdują się w odrębnym budynku, zajęcia ruchowe prowadzone na terenie parku, w ramach zajęć organizowane są również aktywności poza terenem Ośrodka.  </p>
</div>
</div>
</div>
</article>
</div>
</div>

Załączniki

Załączniki do strony
