{"id":35,"name":"kryteria-przyjecia-na-oddzial","title":"Informacja dla lekarzy kieruj\u0105cych do Oddzia\u0142u","desc":"","header":"Informacja dla lekarzy kieruj\u0105cych do Oddzia\u0142u","lead":"","keywords":"","changes":"Aktualizacja artyku\u0142u","menu":"","path":"\/dla-pacjenta\/oddzial_calodobowy\/kryteria-przyjecia-na-oddzial.html","url":"\/dla-pacjenta\/oddzial_calodobowy\/kryteria-przyjecia-na-oddzial.html","infoOwner":"O\u015brodek Terapii Nerwic dla Dzieci i M\u0142odzie\u017cy w Orzeszu","dateFirstPublicate":"2019-10-11 10:36:36","dateLastVersionPublicate":"2024-10-25 11:34:23","dateAvailableFrom":"2019-10-11 10:36:06","dateAvailableTo":"","type":"jednostki_Zwyk\u0142a","pageParams":[],"components":[{"id":"93bb94fe-7312-11e9-90c1-000c290e6fc2","type":"SectionDescription","name":"","description":"Zajawka sekcji","content":[]},{"id":"93bbe8e3-7312-11e9-90c1-000c290e6fc2","type":"PageTitle","name":"Tytu\u0142 strony","description":"Tytu\u0142 strony","content":{"title":"Informacja dla lekarzy kieruj\u0105cych do Oddzia\u0142u"}},{"id":"93bc435c-7312-11e9-90c1-000c290e6fc2","type":"PageDescription","name":"","description":"Zajawka strony","content":[]},{"id":"93bcef8e-7312-11e9-90c1-000c290e6fc2","type":"ContentWYSIWYG","name":"Tre\u015b\u0107","description":"Tre\u015b\u0107 strony","content":{"content":"\u003Cdiv class=\u0022col-12 col-md-8 col-lg-9 px-0 order-1 order-md-2\u0022\u003E\n\u003Cdiv class=\u0022px-0 px-md-4\u0022\u003E\n\u003Carticle id=\u0022content\u0022\u003E\n\u003Cdiv id=\u0022c875\u0022 class=\u0022frame frame-default frame-type-textpic frame-layout-0\u0022\u003E\n\u003Cdiv class=\u0022ce-textpic ce-center ce-above\u0022\u003E\n\u003Cdiv class=\u0022ce-bodytext\u0022\u003E\n\u003Cp\u003EW O\u015brodku Terapii Nerwic dla Dzieci i M\u0142odzie\u017cy udzielane s\u0105 ca\u0142odobowe stacjonarne \u015bwiadczenia medyczne w zakresie leczenia zaburze\u0144 nerwicowych dla dzieci i m\u0142odzie\u017cy.\u00a0\u003C\/p\u003E\n\u003Cp\u003EWarunkiem przyj\u0119cia jest skierowanie formalne wg wzoru zgodnie z \u003Cstrong\u003ERozporz\u0105dzeniem Ministra Zdrowia z dnia 21 grudnia 2018 r. w sprawie post\u0119powania w sprawach przyj\u0119cia oraz wypisania ze szpitala psychiatrycznego.\u003C\/strong\u003E\u003C\/p\u003E\n\u003Cp\u003EZakres rozpozna\u0144 obj\u0119tych leczeniem w OTN zgodnie z Rozporz\u0105dzeniem Ministra Zdrowia oraz realizowanym programem terapeutycznym obejmuje zaburzenia zgodnie z kodami ICD \u2013 10 m.in. F40-F49, F92-F93.\u00a0\u003C\/p\u003E\n\u003Cp\u003EUwaga celem unikni\u0119cia nieporozumie\u0144 \u2013 prosimy, aby w procesie kwalifikacji i wystawiania skierowa\u0144 uwzgl\u0119dni\u0107 opisany model (ocena potencja\u0142u do pracy psychoterapeutycznej) \u003Cbr \/\u003Ei organizacj\u0119 pracy w O\u015brodku (model p\u00f3\u0142otwarty \u2013 w\u0142\u0105czenie w proces leczenia nie spe\u0142nia warunk\u00f3w pobytu dla oddzia\u0142u psychiatrii o podstawowym stopniu zabezpieczenia). \u003Cbr \/\u003EZ uwzgl\u0119dnieniem, i\u017c warunkiem przyj\u0119cia jest stabilny stan psychiczny, stabilny stan somatyczny, brak w wywiadzie zachowa\u0144 dyssocjalnych, uzale\u017cnienia od spa, tendencji ucieczkowych. \u00a0\u00a0\u00a0\u003C\/p\u003E\n\u003Cp\u003EProsimy o informowanie pacjent\u00f3w i opiekun\u00f3w o warunkach wyra\u017cenia u\u015bwiadomionej zgody na przyj\u0119cie i leczenia tj. informowanie o konieczno\u015bci wyra\u017cenia r\u00f3wnoleg\u0142ej zgody na przyj\u0119cie i leczenie m\u0142odzie\u017cy od 16 r.\u017c.\u00a0\u003C\/p\u003E\n\u003Cp\u003EW przypadku gdy opiek\u0119 prawn\u0105 sprawuje osoba nie b\u0119d\u0105ca rodzicem biologicznym\/adopcyjnymi \u2013 zgodnie z art. 22.5 UOZP na planowe przyj\u0119cie wymagana jest zgoda zast\u0119pcza S\u0105du Rodzinnego w\u0142a\u015bciwego miejsca zamieszkania ma\u0142oletniego pacjenta.\u003C\/p\u003E\n\u003C\/div\u003E\n\u003C\/div\u003E\n\u003C\/div\u003E\n\u003C\/article\u003E\n\u003C\/div\u003E\n\u003C\/div\u003E","promotion":false}},{"id":"93bd42ce-7312-11e9-90c1-000c290e6fc2","type":"Gallery","name":"Galeria","description":"Galeria"},{"id":"93bd956b-7312-11e9-90c1-000c290e6fc2","type":"Attachment","name":"Za\u0142\u0105czniki","description":"Za\u0142\u0105czniki do strony","content":[{"src":"\/resource\/71\/skierowanie_%25281%2529.pdf","extension":"PDF","name":"87bbd28cf6a91e96bba0082b3e38ef61.pdf","size":"106.16 KB"}]},{"id":"d63e71ef-92cf-11f0-b976-00505697ccff","type":"PageThumbnail","name":"","description":"Miniaturka strony","content":[]}]}

Informacja dla lekarzy kierujących do Oddziału

Aktualizacja artykułu

Ośrodek Terapii Nerwic dla Dzieci i Młodzieży w Orzeszu

jednostki_Zwykła

Tytuł strony

Treść

Treść strony

<div class="col-12 col-md-8 col-lg-9 px-0 order-1 order-md-2">
<div class="px-0 px-md-4">
<article id="content">
<div id="c875" class="frame frame-default frame-type-textpic frame-layout-0">
<div class="ce-textpic ce-center ce-above">
<div class="ce-bodytext">
<p>W Ośrodku Terapii Nerwic dla Dzieci i Młodzieży udzielane są całodobowe stacjonarne świadczenia medyczne w zakresie leczenia zaburzeń nerwicowych dla dzieci i młodzieży. </p>
<p>Warunkiem przyjęcia jest skierowanie formalne wg wzoru zgodnie z <strong>Rozporządzeniem Ministra Zdrowia z dnia 21 grudnia 2018 r. w sprawie postępowania w sprawach przyjęcia oraz wypisania ze szpitala psychiatrycznego.</strong></p>
<p>Zakres rozpoznań objętych leczeniem w OTN zgodnie z Rozporządzeniem Ministra Zdrowia oraz realizowanym programem terapeutycznym obejmuje zaburzenia zgodnie z kodami ICD – 10 m.in. F40-F49, F92-F93. </p>
<p>Uwaga celem uniknięcia nieporozumień – prosimy, aby w procesie kwalifikacji i wystawiania skierowań uwzględnić opisany model (ocena potencjału do pracy psychoterapeutycznej) <br />i organizację pracy w Ośrodku (model półotwarty – włączenie w proces leczenia nie spełnia warunków pobytu dla oddziału psychiatrii o podstawowym stopniu zabezpieczenia). <br />Z uwzględnieniem, iż warunkiem przyjęcia jest stabilny stan psychiczny, stabilny stan somatyczny, brak w wywiadzie zachowań dyssocjalnych, uzależnienia od spa, tendencji ucieczkowych.    </p>
<p>Prosimy o informowanie pacjentów i opiekunów o warunkach wyrażenia uświadomionej zgody na przyjęcie i leczenia tj. informowanie o konieczności wyrażenia równoległej zgody na przyjęcie i leczenie młodzieży od 16 r.ż. </p>
<p>W przypadku gdy opiekę prawną sprawuje osoba nie będąca rodzicem biologicznym/adopcyjnymi – zgodnie z art. 22.5 UOZP na planowe przyjęcie wymagana jest zgoda zastępcza Sądu Rodzinnego właściwego miejsca zamieszkania małoletniego pacjenta.</p>
</div>
</div>
</div>
</article>
</div>
</div>

Załączniki

Załączniki do strony
