{"id":45,"name":"dla-niepelnosprawnych","title":"Dla niepe\u0142nosprawnych","desc":"","header":"Dla niepe\u0142nosprawnych","lead":"","keywords":"","changes":"Publikacja artyku\u0142u","menu":"","path":"\/dla-niepelnosprawnych.html","url":"\/dla-niepelnosprawnych.html","infoOwner":"O\u015brodek Terapii Nerwic dla Dzieci i M\u0142odzie\u017cy w Orzeszu","dateFirstPublicate":"2019-10-11 11:26:08","dateLastVersionPublicate":"2019-10-11 11:26:08","dateAvailableFrom":"2019-10-11 11:25:38","dateAvailableTo":"","type":"jednostki_Zwyk\u0142a","pageParams":[],"components":[{"id":"93bb94fe-7312-11e9-90c1-000c290e6fc2","type":"SectionDescription","name":"","description":"Zajawka sekcji","content":[]},{"id":"93bbe8e3-7312-11e9-90c1-000c290e6fc2","type":"PageTitle","name":"Tytu\u0142 strony","description":"Tytu\u0142 strony","content":{"title":"Dla niepe\u0142nosprawnych"}},{"id":"93bc435c-7312-11e9-90c1-000c290e6fc2","type":"PageDescription","name":"","description":"Zajawka strony","content":[]},{"id":"93bcef8e-7312-11e9-90c1-000c290e6fc2","type":"ContentWYSIWYG","name":"Tre\u015b\u0107","description":"Tre\u015b\u0107 strony","content":{"content":"\u003Cdiv class=\u0022component component-accepted\u0022 data-id=\u002293bcef8e-7312-11e9-90c1-000c290e6fc2\u0022 data-is-editable=\u00227\u0022 data-name=\u0022Cms_ContentWYSIWYG\u0022\u003E\n\u003Cdiv class=\u0022component-main-content component-content-wysiwyg item\u0022\u003E\n\u003Cdiv class=\u0022component-wrapper\u0022\u003E\n\u003Cdiv class=\u0022component-content\u0022\u003E\n\u003Cdiv class=\u0022component-item clearfix\u0022\u003E\n\u003Cp\u003EO\u015brodek Terapii Nerwic dla Dzieci i M\u0142odzie\u017cy posiada wystarczaj\u0105c\u0105 ilo\u015b\u0107 miejsc parkingowych zar\u00f3wno dla pracownik\u00f3w jak i pacjent\u00f3w O\u015brodka.\u003C\/p\u003E\n\u003Cp\u003EParking przy O\u015brodku nie udost\u0119pnia specjalnych i oznakowanych miejsc parkingowych.\u003C\/p\u003E\n\u003Cp\u003EDo budynku O\u015brodka prowadzi jedno wej\u015bcie g\u0142\u00f3wne ze schodami, bez podjazdu i bez platformy przyschodowej.\u003C\/p\u003E\n\u003Cp\u003ENa pierwsze pi\u0119tro prowadz\u0105 schody (brak windy). Budynek\u00a0nie jest wyposa\u017cony w urz\u0105dzenia dla os\u00f3b niewidomych i s\u0142abowidz\u0105cych.\u003C\/p\u003E\n\u003Cp\u003EToalety nie s\u0105 dostosowane dla potrzeb os\u00f3b\u00a0niepe\u0142nosprawnych. Do budynku mo\u017cna wej\u015b\u0107 z psem asystuj\u0105cym i psem przewodnikiem.\u003C\/p\u003E\n\u003Cp\u003EW budynku nie ma oznacze\u0144 w alfabecie brajla ani oznacze\u0144 kontrastowych lub w druku powi\u0119kszonym dla os\u00f3b niewidomych i\u00a0s\u0142abowidz\u0105cych. W budynku nie mo\u017cna skorzysta\u0107 z t\u0142umacza polskiego j\u0119zyka migowego.\u003C\/p\u003E\n\u003C\/div\u003E\n\u003C\/div\u003E\n\u003C\/div\u003E\n\u003C\/div\u003E\n\u003C\/div\u003E","promotion":false}},{"id":"93bd42ce-7312-11e9-90c1-000c290e6fc2","type":"Gallery","name":"Galeria","description":"Galeria"},{"id":"93bd956b-7312-11e9-90c1-000c290e6fc2","type":"Attachment","name":"Za\u0142\u0105czniki","description":"Za\u0142\u0105czniki do strony"},{"id":"d63e71ef-92cf-11f0-b976-00505697ccff","type":"PageThumbnail","name":"","description":"Miniaturka strony","content":[]}]}

Dla niepełnosprawnych

Publikacja artykułu

Ośrodek Terapii Nerwic dla Dzieci i Młodzieży w Orzeszu

jednostki_Zwykła

Tytuł strony

Treść

Treść strony

<div class="component component-accepted" data-id="93bcef8e-7312-11e9-90c1-000c290e6fc2" data-is-editable="7" data-name="Cms_ContentWYSIWYG">
<div class="component-main-content component-content-wysiwyg item">
<div class="component-wrapper">
<div class="component-content">
<div class="component-item clearfix">
<p>Ośrodek Terapii Nerwic dla Dzieci i Młodzieży posiada wystarczającą ilość miejsc parkingowych zarówno dla pracowników jak i pacjentów Ośrodka.</p>
<p>Parking przy Ośrodku nie udostępnia specjalnych i oznakowanych miejsc parkingowych.</p>
<p>Do budynku Ośrodka prowadzi jedno wejście główne ze schodami, bez podjazdu i bez platformy przyschodowej.</p>
<p>Na pierwsze piętro prowadzą schody (brak windy). Budynek nie jest wyposażony w urządzenia dla osób niewidomych i słabowidzących.</p>
<p>Toalety nie są dostosowane dla potrzeb osób niepełnosprawnych. Do budynku można wejść z psem asystującym i psem przewodnikiem.</p>
<p>W budynku nie ma oznaczeń w alfabecie brajla ani oznaczeń kontrastowych lub w druku powiększonym dla osób niewidomych i słabowidzących. W budynku nie można skorzystać z tłumacza polskiego języka migowego.</p>
</div>
</div>
</div>
</div>
</div>

Załączniki

Załączniki do strony
